{"id":1036,"date":"2018-03-05T22:28:28","date_gmt":"2018-03-05T20:28:28","guid":{"rendered":"http:\/\/wilhelm-stedler-grundschule.de\/?page_id=1036"},"modified":"2018-03-05T22:28:28","modified_gmt":"2018-03-05T20:28:28","slug":"mile-vereinbarungen","status":"publish","type":"page","link":"http:\/\/wilhelm-stedler-grundschule.de\/?page_id=1036","title":{"rendered":"MILE-Vereinbarungen"},"content":{"rendered":"<p>Im M\u00e4rz 2017 haben wir als Kollegium der Wilhelm-Stedler-Schule im Rahmen einer Fortbildung ein Konzept zur Zusammenarbeit zwischen Elternhaus und Schule erarbeitet. Denn nur mit einer intensiven und vertrauensvollen Zusammenarbeit sind wir in der Lage, Ihren Kindern das richtige Werkzeug f\u00fcr ihre Schullaufbahn und ihr weiteres Leben mitzugeben. Aus dieser Arbeit entstanden die nun vorliegenden<\/p>\n<p><strong>MILE-Erziehungsvereinbarungen<\/strong>,<\/p>\n<p>die Regeln und Aufgaben f\u00fcr die Eltern, f\u00fcr unsere Sch\u00fcler und f\u00fcr uns als Schulteam gleicherma\u00dfen beinhalten und auf denen unsere zuk\u00fcnftige Arbeit basieren soll. Grundlage daf\u00fcr ist unser p\u00e4dagogisches Konzept, das unter dem Leitsatz \u201eMiteinander leben und lernen\u201c (MILE) steht.<\/p>\n<p><a href=\"http:\/\/wilhelm-stedler-grundschule.de\/wp-content\/uploads\/2018\/03\/Deckblatt.jpg\"><img decoding=\"async\" loading=\"lazy\" class=\"aligncenter wp-image-1040\" src=\"http:\/\/wilhelm-stedler-grundschule.de\/wp-content\/uploads\/2018\/03\/Deckblatt.jpg\" alt=\"Deckblatt\" width=\"700\" height=\"1154\" srcset=\"http:\/\/wilhelm-stedler-grundschule.de\/wp-content\/uploads\/2018\/03\/Deckblatt.jpg 498w, http:\/\/wilhelm-stedler-grundschule.de\/wp-content\/uploads\/2018\/03\/Deckblatt-1x1.jpg 1w\" sizes=\"(max-width: 700px) 100vw, 700px\" \/><\/a><\/p>\n<p><a href=\"http:\/\/wilhelm-stedler-grundschule.de\/wp-content\/uploads\/2018\/03\/Herz.jpg\"><img decoding=\"async\" loading=\"lazy\" class=\"size-full wp-image-1046 aligncenter\" src=\"http:\/\/wilhelm-stedler-grundschule.de\/wp-content\/uploads\/2018\/03\/Herz.jpg\" alt=\"Herz\" width=\"726\" height=\"342\" srcset=\"http:\/\/wilhelm-stedler-grundschule.de\/wp-content\/uploads\/2018\/03\/Herz.jpg 726w, http:\/\/wilhelm-stedler-grundschule.de\/wp-content\/uploads\/2018\/03\/Herz-300x141.jpg 300w, http:\/\/wilhelm-stedler-grundschule.de\/wp-content\/uploads\/2018\/03\/Herz-2x1.jpg 2w\" sizes=\"(max-width: 726px) 100vw, 726px\" \/><\/a><a href=\"http:\/\/wilhelm-stedler-grundschule.de\/wp-content\/uploads\/2018\/03\/Apfelbaum.jpg\"><img decoding=\"async\" loading=\"lazy\" class=\"size-full wp-image-1043 aligncenter\" src=\"http:\/\/wilhelm-stedler-grundschule.de\/wp-content\/uploads\/2018\/03\/Apfelbaum.jpg\" alt=\"Apfelbaum\" width=\"730\" height=\"343\" srcset=\"http:\/\/wilhelm-stedler-grundschule.de\/wp-content\/uploads\/2018\/03\/Apfelbaum.jpg 730w, http:\/\/wilhelm-stedler-grundschule.de\/wp-content\/uploads\/2018\/03\/Apfelbaum-300x140.jpg 300w, http:\/\/wilhelm-stedler-grundschule.de\/wp-content\/uploads\/2018\/03\/Apfelbaum-2x1.jpg 2w\" sizes=\"(max-width: 730px) 100vw, 730px\" \/><\/a><a href=\"http:\/\/wilhelm-stedler-grundschule.de\/wp-content\/uploads\/2018\/03\/Gl\u00fchlampe.jpg\"><img decoding=\"async\" loading=\"lazy\" class=\"size-full wp-image-1045 aligncenter\" src=\"http:\/\/wilhelm-stedler-grundschule.de\/wp-content\/uploads\/2018\/03\/Gl\u00fchlampe.jpg\" alt=\"Gl\u00fchlampe\" width=\"732\" height=\"345\" srcset=\"http:\/\/wilhelm-stedler-grundschule.de\/wp-content\/uploads\/2018\/03\/Gl\u00fchlampe.jpg 732w, http:\/\/wilhelm-stedler-grundschule.de\/wp-content\/uploads\/2018\/03\/Gl\u00fchlampe-300x141.jpg 300w, http:\/\/wilhelm-stedler-grundschule.de\/wp-content\/uploads\/2018\/03\/Gl\u00fchlampe-2x1.jpg 2w\" sizes=\"(max-width: 732px) 100vw, 732px\" \/><\/a><a href=\"http:\/\/wilhelm-stedler-grundschule.de\/wp-content\/uploads\/2018\/03\/Smiley.jpg\"><img decoding=\"async\" loading=\"lazy\" class=\"size-full wp-image-1049 aligncenter\" src=\"http:\/\/wilhelm-stedler-grundschule.de\/wp-content\/uploads\/2018\/03\/Smiley.jpg\" alt=\"Smiley\" width=\"727\" height=\"345\" srcset=\"http:\/\/wilhelm-stedler-grundschule.de\/wp-content\/uploads\/2018\/03\/Smiley.jpg 727w, http:\/\/wilhelm-stedler-grundschule.de\/wp-content\/uploads\/2018\/03\/Smiley-300x142.jpg 300w, http:\/\/wilhelm-stedler-grundschule.de\/wp-content\/uploads\/2018\/03\/Smiley-2x1.jpg 2w\" sizes=\"(max-width: 727px) 100vw, 727px\" \/><\/a><a href=\"http:\/\/wilhelm-stedler-grundschule.de\/wp-content\/uploads\/2018\/03\/Starkes-M\u00e4nnchen.jpg\"><img decoding=\"async\" loading=\"lazy\" class=\"size-full wp-image-1050 aligncenter\" src=\"http:\/\/wilhelm-stedler-grundschule.de\/wp-content\/uploads\/2018\/03\/Starkes-M\u00e4nnchen.jpg\" alt=\"Starkes M\u00e4nnchen\" width=\"730\" height=\"347\" srcset=\"http:\/\/wilhelm-stedler-grundschule.de\/wp-content\/uploads\/2018\/03\/Starkes-M\u00e4nnchen.jpg 730w, http:\/\/wilhelm-stedler-grundschule.de\/wp-content\/uploads\/2018\/03\/Starkes-M\u00e4nnchen-300x142.jpg 300w, http:\/\/wilhelm-stedler-grundschule.de\/wp-content\/uploads\/2018\/03\/Starkes-M\u00e4nnchen-2x1.jpg 2w\" sizes=\"(max-width: 730px) 100vw, 730px\" \/><\/a><a href=\"http:\/\/wilhelm-stedler-grundschule.de\/wp-content\/uploads\/2018\/03\/Material.jpg\"><img decoding=\"async\" loading=\"lazy\" class=\"size-full wp-image-1048 aligncenter\" src=\"http:\/\/wilhelm-stedler-grundschule.de\/wp-content\/uploads\/2018\/03\/Material.jpg\" alt=\"Material\" width=\"736\" height=\"345\" srcset=\"http:\/\/wilhelm-stedler-grundschule.de\/wp-content\/uploads\/2018\/03\/Material.jpg 736w, http:\/\/wilhelm-stedler-grundschule.de\/wp-content\/uploads\/2018\/03\/Material-300x140.jpg 300w, http:\/\/wilhelm-stedler-grundschule.de\/wp-content\/uploads\/2018\/03\/Material-2x1.jpg 2w\" sizes=\"(max-width: 736px) 100vw, 736px\" \/><\/a><a href=\"http:\/\/wilhelm-stedler-grundschule.de\/wp-content\/uploads\/2018\/03\/Kontrolle.jpg\"><img decoding=\"async\" loading=\"lazy\" class=\"size-full wp-image-1047 aligncenter\" src=\"http:\/\/wilhelm-stedler-grundschule.de\/wp-content\/uploads\/2018\/03\/Kontrolle.jpg\" alt=\"Kontrolle\" width=\"739\" height=\"336\" srcset=\"http:\/\/wilhelm-stedler-grundschule.de\/wp-content\/uploads\/2018\/03\/Kontrolle.jpg 739w, http:\/\/wilhelm-stedler-grundschule.de\/wp-content\/uploads\/2018\/03\/Kontrolle-300x136.jpg 300w, http:\/\/wilhelm-stedler-grundschule.de\/wp-content\/uploads\/2018\/03\/Kontrolle-2x1.jpg 2w\" sizes=\"(max-width: 739px) 100vw, 739px\" \/><\/a><a href=\"http:\/\/wilhelm-stedler-grundschule.de\/wp-content\/uploads\/2018\/03\/Gespr\u00e4ch.jpg\"><img decoding=\"async\" loading=\"lazy\" class=\"size-full wp-image-1044 aligncenter\" src=\"http:\/\/wilhelm-stedler-grundschule.de\/wp-content\/uploads\/2018\/03\/Gespr\u00e4ch.jpg\" alt=\"Gespr\u00e4ch\" width=\"733\" height=\"340\" srcset=\"http:\/\/wilhelm-stedler-grundschule.de\/wp-content\/uploads\/2018\/03\/Gespr\u00e4ch.jpg 733w, http:\/\/wilhelm-stedler-grundschule.de\/wp-content\/uploads\/2018\/03\/Gespr\u00e4ch-300x139.jpg 300w, http:\/\/wilhelm-stedler-grundschule.de\/wp-content\/uploads\/2018\/03\/Gespr\u00e4ch-2x1.jpg 2w\" sizes=\"(max-width: 733px) 100vw, 733px\" \/><\/a><\/p>\n","protected":false},"excerpt":{"rendered":"<p>Im M\u00e4rz 2017 haben wir als Kollegium der Wilhelm-Stedler-Schule im Rahmen einer Fortbildung ein Konzept zur Zusammenarbeit zwischen Elternhaus und Schule erarbeitet. Denn nur mit einer intensiven und vertrauensvollen Zusammenarbeit sind wir in der Lage, Ihren Kindern das richtige Werkzeug f\u00fcr ihre Schullaufbahn und ihr weiteres Leben mitzugeben. Aus dieser Arbeit entstanden die nun vorliegenden&#8230;<\/p>\n","protected":false},"author":1,"featured_media":0,"parent":0,"menu_order":0,"comment_status":"closed","ping_status":"closed","template":"","meta":[],"_links":{"self":[{"href":"http:\/\/wilhelm-stedler-grundschule.de\/index.php?rest_route=\/wp\/v2\/pages\/1036"}],"collection":[{"href":"http:\/\/wilhelm-stedler-grundschule.de\/index.php?rest_route=\/wp\/v2\/pages"}],"about":[{"href":"http:\/\/wilhelm-stedler-grundschule.de\/index.php?rest_route=\/wp\/v2\/types\/page"}],"author":[{"embeddable":true,"href":"http:\/\/wilhelm-stedler-grundschule.de\/index.php?rest_route=\/wp\/v2\/users\/1"}],"replies":[{"embeddable":true,"href":"http:\/\/wilhelm-stedler-grundschule.de\/index.php?rest_route=%2Fwp%2Fv2%2Fcomments&post=1036"}],"version-history":[{"count":14,"href":"http:\/\/wilhelm-stedler-grundschule.de\/index.php?rest_route=\/wp\/v2\/pages\/1036\/revisions"}],"predecessor-version":[{"id":1063,"href":"http:\/\/wilhelm-stedler-grundschule.de\/index.php?rest_route=\/wp\/v2\/pages\/1036\/revisions\/1063"}],"wp:attachment":[{"href":"http:\/\/wilhelm-stedler-grundschule.de\/index.php?rest_route=%2Fwp%2Fv2%2Fmedia&parent=1036"}],"curies":[{"name":"wp","href":"https:\/\/api.w.org\/{rel}","templated":true}]}}

<p>Im März 2017 haben wir als Kollegium der Wilhelm-Stedler-Schule im Rahmen einer Fortbildung ein Konzept zur Zusammenarbeit zwischen Elternhaus und Schule erarbeitet. Denn nur mit einer intensiven und vertrauensvollen Zusammenarbeit sind wir in der Lage, Ihren Kindern das richtige Werkzeug für ihre Schullaufbahn und ihr weiteres Leben mitzugeben. Aus dieser Arbeit entstanden die nun vorliegenden</p>
<p><strong>MILE-Erziehungsvereinbarungen</strong>,</p>
<p>die Regeln und Aufgaben für die Eltern, für unsere Schüler und für uns als Schulteam gleichermaßen beinhalten und auf denen unsere zukünftige Arbeit basieren soll. Grundlage dafür ist unser pädagogisches Konzept, das unter dem Leitsatz „Miteinander leben und lernen“ (MILE) steht.</p>
<p><a href="http://wilhelm-stedler-grundschule.de/wp-content/uploads/2018/03/Deckblatt.jpg"><img decoding="async" loading="lazy" class="aligncenter wp-image-1040" src="http://wilhelm-stedler-grundschule.de/wp-content/uploads/2018/03/Deckblatt.jpg" alt="Deckblatt" width="700" height="1154" srcset="http://wilhelm-stedler-grundschule.de/wp-content/uploads/2018/03/Deckblatt.jpg 498w, http://wilhelm-stedler-grundschule.de/wp-content/uploads/2018/03/Deckblatt-1x1.jpg 1w" sizes="(max-width: 700px) 100vw, 700px" /></a></p>
<p><a href="http://wilhelm-stedler-grundschule.de/wp-content/uploads/2018/03/Herz.jpg"><img decoding="async" loading="lazy" class="size-full wp-image-1046 aligncenter" src="http://wilhelm-stedler-grundschule.de/wp-content/uploads/2018/03/Herz.jpg" alt="Herz" width="726" height="342" srcset="http://wilhelm-stedler-grundschule.de/wp-content/uploads/2018/03/Herz.jpg 726w, http://wilhelm-stedler-grundschule.de/wp-content/uploads/2018/03/Herz-300x141.jpg 300w, http://wilhelm-stedler-grundschule.de/wp-content/uploads/2018/03/Herz-2x1.jpg 2w" sizes="(max-width: 726px) 100vw, 726px" /></a><a href="http://wilhelm-stedler-grundschule.de/wp-content/uploads/2018/03/Apfelbaum.jpg"><img decoding="async" loading="lazy" class="size-full wp-image-1043 aligncenter" src="http://wilhelm-stedler-grundschule.de/wp-content/uploads/2018/03/Apfelbaum.jpg" alt="Apfelbaum" width="730" height="343" srcset="http://wilhelm-stedler-grundschule.de/wp-content/uploads/2018/03/Apfelbaum.jpg 730w, http://wilhelm-stedler-grundschule.de/wp-content/uploads/2018/03/Apfelbaum-300x140.jpg 300w, http://wilhelm-stedler-grundschule.de/wp-content/uploads/2018/03/Apfelbaum-2x1.jpg 2w" sizes="(max-width: 730px) 100vw, 730px" /></a><a href="http://wilhelm-stedler-grundschule.de/wp-content/uploads/2018/03/Glühlampe.jpg"><img decoding="async" loading="lazy" class="size-full wp-image-1045 aligncenter" src="http://wilhelm-stedler-grundschule.de/wp-content/uploads/2018/03/Glühlampe.jpg" alt="Glühlampe" width="732" height="345" srcset="http://wilhelm-stedler-grundschule.de/wp-content/uploads/2018/03/Glühlampe.jpg 732w, http://wilhelm-stedler-grundschule.de/wp-content/uploads/2018/03/Glühlampe-300x141.jpg 300w, http://wilhelm-stedler-grundschule.de/wp-content/uploads/2018/03/Glühlampe-2x1.jpg 2w" sizes="(max-width: 732px) 100vw, 732px" /></a><a href="http://wilhelm-stedler-grundschule.de/wp-content/uploads/2018/03/Smiley.jpg"><img decoding="async" loading="lazy" class="size-full wp-image-1049 aligncenter" src="http://wilhelm-stedler-grundschule.de/wp-content/uploads/2018/03/Smiley.jpg" alt="Smiley" width="727" height="345" srcset="http://wilhelm-stedler-grundschule.de/wp-content/uploads/2018/03/Smiley.jpg 727w, http://wilhelm-stedler-grundschule.de/wp-content/uploads/2018/03/Smiley-300x142.jpg 300w, http://wilhelm-stedler-grundschule.de/wp-content/uploads/2018/03/Smiley-2x1.jpg 2w" sizes="(max-width: 727px) 100vw, 727px" /></a><a href="http://wilhelm-stedler-grundschule.de/wp-content/uploads/2018/03/Starkes-Männchen.jpg"><img decoding="async" loading="lazy" class="size-full wp-image-1050 aligncenter" src="http://wilhelm-stedler-grundschule.de/wp-content/uploads/2018/03/Starkes-Männchen.jpg" alt="Starkes Männchen" width="730" height="347" srcset="http://wilhelm-stedler-grundschule.de/wp-content/uploads/2018/03/Starkes-Männchen.jpg 730w, http://wilhelm-stedler-grundschule.de/wp-content/uploads/2018/03/Starkes-Männchen-300x142.jpg 300w, http://wilhelm-stedler-grundschule.de/wp-content/uploads/2018/03/Starkes-Männchen-2x1.jpg 2w" sizes="(max-width: 730px) 100vw, 730px" /></a><a href="http://wilhelm-stedler-grundschule.de/wp-content/uploads/2018/03/Material.jpg"><img decoding="async" loading="lazy" class="size-full wp-image-1048 aligncenter" src="http://wilhelm-stedler-grundschule.de/wp-content/uploads/2018/03/Material.jpg" alt="Material" width="736" height="345" srcset="http://wilhelm-stedler-grundschule.de/wp-content/uploads/2018/03/Material.jpg 736w, http://wilhelm-stedler-grundschule.de/wp-content/uploads/2018/03/Material-300x140.jpg 300w, http://wilhelm-stedler-grundschule.de/wp-content/uploads/2018/03/Material-2x1.jpg 2w" sizes="(max-width: 736px) 100vw, 736px" /></a><a href="http://wilhelm-stedler-grundschule.de/wp-content/uploads/2018/03/Kontrolle.jpg"><img decoding="async" loading="lazy" class="size-full wp-image-1047 aligncenter" src="http://wilhelm-stedler-grundschule.de/wp-content/uploads/2018/03/Kontrolle.jpg" alt="Kontrolle" width="739" height="336" srcset="http://wilhelm-stedler-grundschule.de/wp-content/uploads/2018/03/Kontrolle.jpg 739w, http://wilhelm-stedler-grundschule.de/wp-content/uploads/2018/03/Kontrolle-300x136.jpg 300w, http://wilhelm-stedler-grundschule.de/wp-content/uploads/2018/03/Kontrolle-2x1.jpg 2w" sizes="(max-width: 739px) 100vw, 739px" /></a><a href="http://wilhelm-stedler-grundschule.de/wp-content/uploads/2018/03/Gespräch.jpg"><img decoding="async" loading="lazy" class="size-full wp-image-1044 aligncenter" src="http://wilhelm-stedler-grundschule.de/wp-content/uploads/2018/03/Gespräch.jpg" alt="Gespräch" width="733" height="340" srcset="http://wilhelm-stedler-grundschule.de/wp-content/uploads/2018/03/Gespräch.jpg 733w, http://wilhelm-stedler-grundschule.de/wp-content/uploads/2018/03/Gespräch-300x139.jpg 300w, http://wilhelm-stedler-grundschule.de/wp-content/uploads/2018/03/Gespräch-2x1.jpg 2w" sizes="(max-width: 733px) 100vw, 733px" /></a></p>

<p>Im März 2017 haben wir als Kollegium der Wilhelm-Stedler-Schule im Rahmen einer Fortbildung ein Konzept zur Zusammenarbeit zwischen Elternhaus und Schule erarbeitet. Denn nur mit einer intensiven und vertrauensvollen Zusammenarbeit sind wir in der Lage, Ihren Kindern das richtige Werkzeug für ihre Schullaufbahn und ihr weiteres Leben mitzugeben. Aus dieser Arbeit entstanden die nun vorliegenden&#8230;</p>
