{"id":142,"date":"2014-11-10T22:59:48","date_gmt":"2014-11-10T20:59:48","guid":{"rendered":"http:\/\/wilhelm-stedler-grundschule.de\/?page_id=142"},"modified":"2018-09-25T16:26:44","modified_gmt":"2018-09-25T14:26:44","slug":"patenklassen","status":"publish","type":"page","link":"http:\/\/wilhelm-stedler-grundschule.de\/?page_id=142","title":{"rendered":"Patenklassen"},"content":{"rendered":"<p style=\"text-align: justify;\">Jedes Jahr wieder eine ehrenvolle Aufgabe, die die ganze Grundschulzeit auf sich warten l\u00e4sst \u2013 Pate werden. Auch diesmal war die Vorfreude der Klassen 4a, 4b und 4c auf ihre Patenkinder aus der 1a, 1b und 1c wieder sehr gro\u00df. In der ersten Schulwoche haben sich dann endlich Pate und Patenkind kennen gelernt. In einer gemeinsamen Unterrichtsstunde durften sich die Kinder erstmal beschnuppern und das eine oder andere Patenduo fand sich erstaunlicherweise von ganz alleine. Nachbarschaft, Sympathie, gleiches Herkunftsland oder die gleiche Haarfarbe \u2013 irgendetwas passt immer.<br \/>\nDie Paten aus den 4. Klassen haben nun die verantwortungsvolle Aufgabe die Kleinen zu unterst\u00fctzen: Ob beim Schuheanziehen, beim Zurechtfinden im Schulgeb\u00e4ude oder als Spielkamerad ist ein Pate schon sehr hilfreich. Aber dar\u00fcber hinaus sind auch in diesem Jahr wieder dicke Freundschaften entstanden.<\/p>\n<p style=\"text-align: justify;\">Die Giraffen helfen den Erdm\u00e4nnchen bei der Dekoration f\u00fcr unser Herbstfest.<\/p>\n<p style=\"text-align: justify;\">\u00a0<a href=\"http:\/\/wilhelm-stedler-grundschule.de\/wp-content\/uploads\/2014\/11\/IMG-20180921-WA0013.jpg\"><img decoding=\"async\" loading=\"lazy\" class=\"alignleft size-large wp-image-1121\" src=\"http:\/\/wilhelm-stedler-grundschule.de\/wp-content\/uploads\/2014\/11\/IMG-20180921-WA0013-1024x768.jpg\" alt=\"IMG-20180921-WA0013\" width=\"654\" height=\"490\" srcset=\"http:\/\/wilhelm-stedler-grundschule.de\/wp-content\/uploads\/2014\/11\/IMG-20180921-WA0013-1024x768.jpg 1024w, http:\/\/wilhelm-stedler-grundschule.de\/wp-content\/uploads\/2014\/11\/IMG-20180921-WA0013-300x225.jpg 300w, http:\/\/wilhelm-stedler-grundschule.de\/wp-content\/uploads\/2014\/11\/IMG-20180921-WA0013-1x1.jpg 1w, http:\/\/wilhelm-stedler-grundschule.de\/wp-content\/uploads\/2014\/11\/IMG-20180921-WA0013.jpg 1600w\" sizes=\"(max-width: 654px) 100vw, 654px\" \/><\/a> <a href=\"http:\/\/wilhelm-stedler-grundschule.de\/wp-content\/uploads\/2014\/11\/IMG-20180921-WA0017.jpg\"><img decoding=\"async\" loading=\"lazy\" class=\"alignleft size-large wp-image-1122\" src=\"http:\/\/wilhelm-stedler-grundschule.de\/wp-content\/uploads\/2014\/11\/IMG-20180921-WA0017-1024x768.jpg\" alt=\"IMG-20180921-WA0017\" width=\"654\" height=\"490\" srcset=\"http:\/\/wilhelm-stedler-grundschule.de\/wp-content\/uploads\/2014\/11\/IMG-20180921-WA0017-1024x768.jpg 1024w, http:\/\/wilhelm-stedler-grundschule.de\/wp-content\/uploads\/2014\/11\/IMG-20180921-WA0017-300x225.jpg 300w, http:\/\/wilhelm-stedler-grundschule.de\/wp-content\/uploads\/2014\/11\/IMG-20180921-WA0017-1x1.jpg 1w, http:\/\/wilhelm-stedler-grundschule.de\/wp-content\/uploads\/2014\/11\/IMG-20180921-WA0017.jpg 1600w\" sizes=\"(max-width: 654px) 100vw, 654px\" \/><\/a> <a href=\"http:\/\/wilhelm-stedler-grundschule.de\/wp-content\/uploads\/2014\/11\/IMG-20180921-WA0026.jpg\"><img decoding=\"async\" loading=\"lazy\" class=\"alignleft size-large wp-image-1123\" src=\"http:\/\/wilhelm-stedler-grundschule.de\/wp-content\/uploads\/2014\/11\/IMG-20180921-WA0026-1024x768.jpg\" alt=\"IMG-20180921-WA0026\" width=\"654\" height=\"490\" srcset=\"http:\/\/wilhelm-stedler-grundschule.de\/wp-content\/uploads\/2014\/11\/IMG-20180921-WA0026-1024x768.jpg 1024w, http:\/\/wilhelm-stedler-grundschule.de\/wp-content\/uploads\/2014\/11\/IMG-20180921-WA0026-300x225.jpg 300w, http:\/\/wilhelm-stedler-grundschule.de\/wp-content\/uploads\/2014\/11\/IMG-20180921-WA0026-1x1.jpg 1w, http:\/\/wilhelm-stedler-grundschule.de\/wp-content\/uploads\/2014\/11\/IMG-20180921-WA0026.jpg 1600w\" sizes=\"(max-width: 654px) 100vw, 654px\" \/><\/a><\/p>\n","protected":false},"excerpt":{"rendered":"<p>Jedes Jahr wieder eine ehrenvolle Aufgabe, die die ganze Grundschulzeit auf sich warten l\u00e4sst \u2013 Pate werden. Auch diesmal war die Vorfreude der Klassen 4a, 4b und 4c auf ihre Patenkinder aus der 1a, 1b und 1c wieder sehr gro\u00df. In der ersten Schulwoche haben sich dann endlich Pate und Patenkind kennen gelernt. In einer&#8230;<\/p>\n","protected":false},"author":1,"featured_media":0,"parent":0,"menu_order":0,"comment_status":"closed","ping_status":"closed","template":"","meta":[],"_links":{"self":[{"href":"http:\/\/wilhelm-stedler-grundschule.de\/index.php?rest_route=\/wp\/v2\/pages\/142"}],"collection":[{"href":"http:\/\/wilhelm-stedler-grundschule.de\/index.php?rest_route=\/wp\/v2\/pages"}],"about":[{"href":"http:\/\/wilhelm-stedler-grundschule.de\/index.php?rest_route=\/wp\/v2\/types\/page"}],"author":[{"embeddable":true,"href":"http:\/\/wilhelm-stedler-grundschule.de\/index.php?rest_route=\/wp\/v2\/users\/1"}],"replies":[{"embeddable":true,"href":"http:\/\/wilhelm-stedler-grundschule.de\/index.php?rest_route=%2Fwp%2Fv2%2Fcomments&post=142"}],"version-history":[{"count":8,"href":"http:\/\/wilhelm-stedler-grundschule.de\/index.php?rest_route=\/wp\/v2\/pages\/142\/revisions"}],"predecessor-version":[{"id":1124,"href":"http:\/\/wilhelm-stedler-grundschule.de\/index.php?rest_route=\/wp\/v2\/pages\/142\/revisions\/1124"}],"wp:attachment":[{"href":"http:\/\/wilhelm-stedler-grundschule.de\/index.php?rest_route=%2Fwp%2Fv2%2Fmedia&parent=142"}],"curies":[{"name":"wp","href":"https:\/\/api.w.org\/{rel}","templated":true}]}}

<p style="text-align: justify;">Jedes Jahr wieder eine ehrenvolle Aufgabe, die die ganze Grundschulzeit auf sich warten lässt – Pate werden. Auch diesmal war die Vorfreude der Klassen 4a, 4b und 4c auf ihre Patenkinder aus der 1a, 1b und 1c wieder sehr groß. In der ersten Schulwoche haben sich dann endlich Pate und Patenkind kennen gelernt. In einer gemeinsamen Unterrichtsstunde durften sich die Kinder erstmal beschnuppern und das eine oder andere Patenduo fand sich erstaunlicherweise von ganz alleine. Nachbarschaft, Sympathie, gleiches Herkunftsland oder die gleiche Haarfarbe – irgendetwas passt immer.<br />
Die Paten aus den 4. Klassen haben nun die verantwortungsvolle Aufgabe die Kleinen zu unterstützen: Ob beim Schuheanziehen, beim Zurechtfinden im Schulgebäude oder als Spielkamerad ist ein Pate schon sehr hilfreich. Aber darüber hinaus sind auch in diesem Jahr wieder dicke Freundschaften entstanden.</p>
<p style="text-align: justify;">Die Giraffen helfen den Erdmännchen bei der Dekoration für unser Herbstfest.</p>
<p style="text-align: justify;"> <a href="http://wilhelm-stedler-grundschule.de/wp-content/uploads/2014/11/IMG-20180921-WA0013.jpg"><img decoding="async" loading="lazy" class="alignleft size-large wp-image-1121" src="http://wilhelm-stedler-grundschule.de/wp-content/uploads/2014/11/IMG-20180921-WA0013-1024x768.jpg" alt="IMG-20180921-WA0013" width="654" height="490" srcset="http://wilhelm-stedler-grundschule.de/wp-content/uploads/2014/11/IMG-20180921-WA0013-1024x768.jpg 1024w, http://wilhelm-stedler-grundschule.de/wp-content/uploads/2014/11/IMG-20180921-WA0013-300x225.jpg 300w, http://wilhelm-stedler-grundschule.de/wp-content/uploads/2014/11/IMG-20180921-WA0013-1x1.jpg 1w, http://wilhelm-stedler-grundschule.de/wp-content/uploads/2014/11/IMG-20180921-WA0013.jpg 1600w" sizes="(max-width: 654px) 100vw, 654px" /></a> <a href="http://wilhelm-stedler-grundschule.de/wp-content/uploads/2014/11/IMG-20180921-WA0017.jpg"><img decoding="async" loading="lazy" class="alignleft size-large wp-image-1122" src="http://wilhelm-stedler-grundschule.de/wp-content/uploads/2014/11/IMG-20180921-WA0017-1024x768.jpg" alt="IMG-20180921-WA0017" width="654" height="490" srcset="http://wilhelm-stedler-grundschule.de/wp-content/uploads/2014/11/IMG-20180921-WA0017-1024x768.jpg 1024w, http://wilhelm-stedler-grundschule.de/wp-content/uploads/2014/11/IMG-20180921-WA0017-300x225.jpg 300w, http://wilhelm-stedler-grundschule.de/wp-content/uploads/2014/11/IMG-20180921-WA0017-1x1.jpg 1w, http://wilhelm-stedler-grundschule.de/wp-content/uploads/2014/11/IMG-20180921-WA0017.jpg 1600w" sizes="(max-width: 654px) 100vw, 654px" /></a> <a href="http://wilhelm-stedler-grundschule.de/wp-content/uploads/2014/11/IMG-20180921-WA0026.jpg"><img decoding="async" loading="lazy" class="alignleft size-large wp-image-1123" src="http://wilhelm-stedler-grundschule.de/wp-content/uploads/2014/11/IMG-20180921-WA0026-1024x768.jpg" alt="IMG-20180921-WA0026" width="654" height="490" srcset="http://wilhelm-stedler-grundschule.de/wp-content/uploads/2014/11/IMG-20180921-WA0026-1024x768.jpg 1024w, http://wilhelm-stedler-grundschule.de/wp-content/uploads/2014/11/IMG-20180921-WA0026-300x225.jpg 300w, http://wilhelm-stedler-grundschule.de/wp-content/uploads/2014/11/IMG-20180921-WA0026-1x1.jpg 1w, http://wilhelm-stedler-grundschule.de/wp-content/uploads/2014/11/IMG-20180921-WA0026.jpg 1600w" sizes="(max-width: 654px) 100vw, 654px" /></a></p>

<p>Jedes Jahr wieder eine ehrenvolle Aufgabe, die die ganze Grundschulzeit auf sich warten lässt – Pate werden. Auch diesmal war die Vorfreude der Klassen 4a, 4b und 4c auf ihre Patenkinder aus der 1a, 1b und 1c wieder sehr groß. In der ersten Schulwoche haben sich dann endlich Pate und Patenkind kennen gelernt. In einer&#8230;</p>
