{"id":173,"date":"2014-11-10T23:38:23","date_gmt":"2014-11-10T21:38:23","guid":{"rendered":"http:\/\/wilhelm-stedler-grundschule.de\/?page_id=173"},"modified":"2025-02-10T18:54:49","modified_gmt":"2025-02-10T16:54:49","slug":"mitarbeiterinnen","status":"publish","type":"page","link":"http:\/\/wilhelm-stedler-grundschule.de\/?page_id=173","title":{"rendered":"Mitarbeiter\/innen"},"content":{"rendered":"<p><strong>Sekret\u00e4rin<\/strong><br \/>Frau Heitmann<\/p>\n<p><strong>Hausmeister<\/strong><br \/>Herr Benzka<\/p>\n<p><strong>Sozialp\u00e4dagogin<\/strong><\/p>\n<p>Frau Hillebrand<\/p>\n<p><strong>p\u00e4dagogische Mitarbeiterinnen<\/strong><\/p>\n<p>Herr Banhegyi<\/p>\n<p>Frau Coordes<\/p>\n<p>Frau Kapmeier<\/p>\n<p>Frau G\u00e4rtner<\/p>\n\n\n<p><\/p>\n","protected":false},"excerpt":{"rendered":"<p>Sekret\u00e4rinFrau Heitmann HausmeisterHerr Benzka Sozialp\u00e4dagogin Frau Hillebrand p\u00e4dagogische Mitarbeiterinnen Herr Banhegyi Frau Coordes Frau Kapmeier Frau G\u00e4rtner<\/p>\n","protected":false},"author":1,"featured_media":0,"parent":0,"menu_order":0,"comment_status":"closed","ping_status":"closed","template":"","meta":[],"_links":{"self":[{"href":"http:\/\/wilhelm-stedler-grundschule.de\/index.php?rest_route=\/wp\/v2\/pages\/173"}],"collection":[{"href":"http:\/\/wilhelm-stedler-grundschule.de\/index.php?rest_route=\/wp\/v2\/pages"}],"about":[{"href":"http:\/\/wilhelm-stedler-grundschule.de\/index.php?rest_route=\/wp\/v2\/types\/page"}],"author":[{"embeddable":true,"href":"http:\/\/wilhelm-stedler-grundschule.de\/index.php?rest_route=\/wp\/v2\/users\/1"}],"replies":[{"embeddable":true,"href":"http:\/\/wilhelm-stedler-grundschule.de\/index.php?rest_route=%2Fwp%2Fv2%2Fcomments&post=173"}],"version-history":[{"count":9,"href":"http:\/\/wilhelm-stedler-grundschule.de\/index.php?rest_route=\/wp\/v2\/pages\/173\/revisions"}],"predecessor-version":[{"id":2246,"href":"http:\/\/wilhelm-stedler-grundschule.de\/index.php?rest_route=\/wp\/v2\/pages\/173\/revisions\/2246"}],"wp:attachment":[{"href":"http:\/\/wilhelm-stedler-grundschule.de\/index.php?rest_route=%2Fwp%2Fv2%2Fmedia&parent=173"}],"curies":[{"name":"wp","href":"https:\/\/api.w.org\/{rel}","templated":true}]}}

<p><strong>Sekretärin</strong><br />Frau Heitmann</p>
<p><strong>Hausmeister</strong><br />Herr Benzka</p>
<p><strong>Sozialpädagogin</strong></p>
<p>Frau Hillebrand</p>
<p><strong>pädagogische Mitarbeiterinnen</strong></p>
<p>Herr Banhegyi</p>
<p>Frau Coordes</p>
<p>Frau Kapmeier</p>
<p>Frau Gärtner</p>


<p></p>

<p>SekretärinFrau Heitmann HausmeisterHerr Benzka Sozialpädagogin Frau Hillebrand pädagogische Mitarbeiterinnen Herr Banhegyi Frau Coordes Frau Kapmeier Frau Gärtner</p>
