{"id":2206,"date":"2024-05-07T21:55:45","date_gmt":"2024-05-07T19:55:45","guid":{"rendered":"http:\/\/wilhelm-stedler-grundschule.de\/?page_id=2206"},"modified":"2024-05-15T23:10:53","modified_gmt":"2024-05-15T21:10:53","slug":"vorlesewettbewerb","status":"publish","type":"page","link":"http:\/\/wilhelm-stedler-grundschule.de\/?page_id=2206","title":{"rendered":"Vorlesewettbewerb"},"content":{"rendered":"\n<p>Auch in diesem Jahr fand unser j\u00e4hrlicher Vorlesewettbewerb statt. Sechs flei\u00dfige Leserinnen und Leser aus jedem Jahrgang lasen aus ihren Lieblingsb\u00fcchern vor. Hierzu hatten sie zuvor lustige, spannende oder einfach sch\u00f6ne Stellen aus ihren B\u00fcchern herausgesucht und mutig ihrem gesamten Jahrgang und einer kritischen Jury vorgelesen. Unsere Jury bestand wie immer aus Lesementorinnen, Klassensprecherinnen und Klassensprechern eines anderen Jahrgangs und einer unparteiischen Deutsch-Kollegin aus Klasse 1.<\/p>\n\n\n\n<p>Am besten gelesen haben Lasse aus der 2a, Isabella Rose aus der 3a und Lorenz sowie Mila jeweils aus der 4b. Die beiden Sieger des vierten Jahrgangs treten beim Vorlesewettbewerb aller Barsingh\u00e4user Grundschulen gleich nochmal an<\/p>\n\n\n\n<figure class=\"wp-block-gallery has-nested-images columns-default is-cropped wp-block-gallery-1 is-layout-flex\">\n<figure class=\"wp-block-image size-large\"><a href=\"http:\/\/wilhelm-stedler-grundschule.de\/wp-content\/uploads\/2024\/05\/3beb3c2a-ce10-4d45-bf79-cdaceb2dca04.jpg\"><img decoding=\"async\" loading=\"lazy\" width=\"1024\" height=\"768\" data-id=\"2209\"  src=\"http:\/\/wilhelm-stedler-grundschule.de\/wp-content\/uploads\/2024\/05\/3beb3c2a-ce10-4d45-bf79-cdaceb2dca04-1024x768.jpg\" alt=\"\" class=\"wp-image-2209\" srcset=\"http:\/\/wilhelm-stedler-grundschule.de\/wp-content\/uploads\/2024\/05\/3beb3c2a-ce10-4d45-bf79-cdaceb2dca04-1024x768.jpg 1024w, http:\/\/wilhelm-stedler-grundschule.de\/wp-content\/uploads\/2024\/05\/3beb3c2a-ce10-4d45-bf79-cdaceb2dca04-300x225.jpg 300w, http:\/\/wilhelm-stedler-grundschule.de\/wp-content\/uploads\/2024\/05\/3beb3c2a-ce10-4d45-bf79-cdaceb2dca04-768x576.jpg 768w, http:\/\/wilhelm-stedler-grundschule.de\/wp-content\/uploads\/2024\/05\/3beb3c2a-ce10-4d45-bf79-cdaceb2dca04-1536x1152.jpg 1536w, http:\/\/wilhelm-stedler-grundschule.de\/wp-content\/uploads\/2024\/05\/3beb3c2a-ce10-4d45-bf79-cdaceb2dca04-1x1.jpg 1w, http:\/\/wilhelm-stedler-grundschule.de\/wp-content\/uploads\/2024\/05\/3beb3c2a-ce10-4d45-bf79-cdaceb2dca04.jpg 1600w\" sizes=\"(max-width: 1024px) 100vw, 1024px\" \/><\/a><\/figure>\n<\/figure>\n","protected":false},"excerpt":{"rendered":"<p>Auch in diesem Jahr fand unser j\u00e4hrlicher Vorlesewettbewerb statt. Sechs flei\u00dfige Leserinnen und Leser aus jedem Jahrgang lasen aus ihren Lieblingsb\u00fcchern vor. Hierzu hatten sie zuvor lustige, spannende oder einfach sch\u00f6ne Stellen aus ihren B\u00fcchern herausgesucht und mutig ihrem gesamten Jahrgang und einer kritischen Jury vorgelesen. Unsere Jury bestand wie immer aus Lesementorinnen, Klassensprecherinnen und&#8230;<\/p>\n","protected":false},"author":1,"featured_media":0,"parent":0,"menu_order":0,"comment_status":"closed","ping_status":"closed","template":"","meta":[],"_links":{"self":[{"href":"http:\/\/wilhelm-stedler-grundschule.de\/index.php?rest_route=\/wp\/v2\/pages\/2206"}],"collection":[{"href":"http:\/\/wilhelm-stedler-grundschule.de\/index.php?rest_route=\/wp\/v2\/pages"}],"about":[{"href":"http:\/\/wilhelm-stedler-grundschule.de\/index.php?rest_route=\/wp\/v2\/types\/page"}],"author":[{"embeddable":true,"href":"http:\/\/wilhelm-stedler-grundschule.de\/index.php?rest_route=\/wp\/v2\/users\/1"}],"replies":[{"embeddable":true,"href":"http:\/\/wilhelm-stedler-grundschule.de\/index.php?rest_route=%2Fwp%2Fv2%2Fcomments&post=2206"}],"version-history":[{"count":3,"href":"http:\/\/wilhelm-stedler-grundschule.de\/index.php?rest_route=\/wp\/v2\/pages\/2206\/revisions"}],"predecessor-version":[{"id":2228,"href":"http:\/\/wilhelm-stedler-grundschule.de\/index.php?rest_route=\/wp\/v2\/pages\/2206\/revisions\/2228"}],"wp:attachment":[{"href":"http:\/\/wilhelm-stedler-grundschule.de\/index.php?rest_route=%2Fwp%2Fv2%2Fmedia&parent=2206"}],"curies":[{"name":"wp","href":"https:\/\/api.w.org\/{rel}","templated":true}]}}

<p>Auch in diesem Jahr fand unser jährlicher Vorlesewettbewerb statt. Sechs fleißige Leserinnen und Leser aus jedem Jahrgang lasen aus ihren Lieblingsbüchern vor. Hierzu hatten sie zuvor lustige, spannende oder einfach schöne Stellen aus ihren Büchern herausgesucht und mutig ihrem gesamten Jahrgang und einer kritischen Jury vorgelesen. Unsere Jury bestand wie immer aus Lesementorinnen, Klassensprecherinnen und Klassensprechern eines anderen Jahrgangs und einer unparteiischen Deutsch-Kollegin aus Klasse 1.</p>



<p>Am besten gelesen haben Lasse aus der 2a, Isabella Rose aus der 3a und Lorenz sowie Mila jeweils aus der 4b. Die beiden Sieger des vierten Jahrgangs treten beim Vorlesewettbewerb aller Barsinghäuser Grundschulen gleich nochmal an</p>



<figure class="wp-block-gallery has-nested-images columns-default is-cropped wp-block-gallery-1 is-layout-flex">
<figure class="wp-block-image size-large"><a href="http://wilhelm-stedler-grundschule.de/wp-content/uploads/2024/05/3beb3c2a-ce10-4d45-bf79-cdaceb2dca04.jpg"><img decoding="async" loading="lazy" width="1024" height="768" data-id="2209"  src="http://wilhelm-stedler-grundschule.de/wp-content/uploads/2024/05/3beb3c2a-ce10-4d45-bf79-cdaceb2dca04-1024x768.jpg" alt="" class="wp-image-2209" srcset="http://wilhelm-stedler-grundschule.de/wp-content/uploads/2024/05/3beb3c2a-ce10-4d45-bf79-cdaceb2dca04-1024x768.jpg 1024w, http://wilhelm-stedler-grundschule.de/wp-content/uploads/2024/05/3beb3c2a-ce10-4d45-bf79-cdaceb2dca04-300x225.jpg 300w, http://wilhelm-stedler-grundschule.de/wp-content/uploads/2024/05/3beb3c2a-ce10-4d45-bf79-cdaceb2dca04-768x576.jpg 768w, http://wilhelm-stedler-grundschule.de/wp-content/uploads/2024/05/3beb3c2a-ce10-4d45-bf79-cdaceb2dca04-1536x1152.jpg 1536w, http://wilhelm-stedler-grundschule.de/wp-content/uploads/2024/05/3beb3c2a-ce10-4d45-bf79-cdaceb2dca04-1x1.jpg 1w, http://wilhelm-stedler-grundschule.de/wp-content/uploads/2024/05/3beb3c2a-ce10-4d45-bf79-cdaceb2dca04.jpg 1600w" sizes="(max-width: 1024px) 100vw, 1024px" /></a></figure>
</figure>

<p>Auch in diesem Jahr fand unser jährlicher Vorlesewettbewerb statt. Sechs fleißige Leserinnen und Leser aus jedem Jahrgang lasen aus ihren Lieblingsbüchern vor. Hierzu hatten sie zuvor lustige, spannende oder einfach schöne Stellen aus ihren Büchern herausgesucht und mutig ihrem gesamten Jahrgang und einer kritischen Jury vorgelesen. Unsere Jury bestand wie immer aus Lesementorinnen, Klassensprecherinnen und&#8230;</p>
