{"id":2254,"date":"2025-02-12T19:56:44","date_gmt":"2025-02-12T17:56:44","guid":{"rendered":"http:\/\/wilhelm-stedler-grundschule.de\/?page_id=2254"},"modified":"2025-02-12T19:56:44","modified_gmt":"2025-02-12T17:56:44","slug":"terminuebersicht-fuer-unsere-lernanfaenger-2025-26","status":"publish","type":"page","link":"http:\/\/wilhelm-stedler-grundschule.de\/?page_id=2254","title":{"rendered":"Termin\u00fcbersicht f\u00fcr unsere Lernanf\u00e4nger 2025\/26"},"content":{"rendered":"\n<p><br>Sehr geehrte Eltern und Erziehungsberechtigte,<\/p>\n\n\n\n<p><br>nachfolgend erhalten Sie alle wichtigen Termine bis zur Einschulung Ihres Kindes. Sie erhalten<br>zu jedem Termin eine Information per Post und k\u00f6nnen sich \u00fcber unsere Internetseite<br>informieren.<br>Wir freuen uns darauf, Sie und Ihre Kinder kennenzulernen.<br>Mit freundlichen Gr\u00fc\u00dfen<br>gez. K. Flade<br>Schulleitung<\/p>\n\n\n\n<ul>\n<li>Informationselternabend<br>Mittwoch, 12.03.2025, 18:00 Uhr, Sporthalle in der Bert-Brecht-Schule, Schulstr. 5<br><\/li>\n<\/ul>\n\n\n\n<ul>\n<li>Mit Mirola durch den Zauberwald (Schuleingangsdiagnostik)<br>05.05.2025 bis 16.05.2025, vormittags, Schulstr. 5<br>Der genaue Termin wird mit dem Kindergarten oder mit Ihnen abgesprochen.<br>Jedes Kind erh\u00e4lt eine Einladung per Post bzw. \u00fcber den Kindergarten.<\/li>\n<\/ul>\n\n\n\n<ul>\n<li>Hospitation der Kinderg\u00e4rten<br>26.05.2025 bis 06.06.2025, vormittags, Schulstr. 5<br>Der jeweilige Termin wird mit den Kindergartenleitungen bzw. dem Elternhaus<br>abgesprochen. Sie erhalten eine Information \u00fcber den Kindergarten bzw. per Post.<\/li>\n<\/ul>\n\n\n\n<ul>\n<li>Elternabend vor der Einschulung<br>Donnerstag, 14.08.2025, 19:00 Uhr, Sporthalle in der Bert-Brecht-Schule, Schulstr. 5<br>Die Einladung erhalten Sie mit allen notwendigen Informationen (Einschulungsbrief:<br>Einladung zur Einschulung, Klassenbrief, B\u00fccher- und Materialliste) kurz vor den<br>Sommerferien.<\/li>\n<\/ul>\n\n\n\n<ul>\n<li>Einschulung<br>Samstag, 16.08.2025 ab ca. 09:00 Uhr Gottesdienst in der Klosterkirche<br>ab ca. 10:00 Uhr Einschulungsfeier in der Gl\u00fcck-Auf-Halle<\/li>\n<\/ul>\n","protected":false},"excerpt":{"rendered":"<p>Sehr geehrte Eltern und Erziehungsberechtigte, nachfolgend erhalten Sie alle wichtigen Termine bis zur Einschulung Ihres Kindes. Sie erhaltenzu jedem Termin eine Information per Post und k\u00f6nnen sich \u00fcber unsere Internetseiteinformieren.Wir freuen uns darauf, Sie und Ihre Kinder kennenzulernen.Mit freundlichen Gr\u00fc\u00dfengez. K. FladeSchulleitung<\/p>\n","protected":false},"author":1,"featured_media":0,"parent":0,"menu_order":0,"comment_status":"closed","ping_status":"closed","template":"","meta":[],"_links":{"self":[{"href":"http:\/\/wilhelm-stedler-grundschule.de\/index.php?rest_route=\/wp\/v2\/pages\/2254"}],"collection":[{"href":"http:\/\/wilhelm-stedler-grundschule.de\/index.php?rest_route=\/wp\/v2\/pages"}],"about":[{"href":"http:\/\/wilhelm-stedler-grundschule.de\/index.php?rest_route=\/wp\/v2\/types\/page"}],"author":[{"embeddable":true,"href":"http:\/\/wilhelm-stedler-grundschule.de\/index.php?rest_route=\/wp\/v2\/users\/1"}],"replies":[{"embeddable":true,"href":"http:\/\/wilhelm-stedler-grundschule.de\/index.php?rest_route=%2Fwp%2Fv2%2Fcomments&post=2254"}],"version-history":[{"count":1,"href":"http:\/\/wilhelm-stedler-grundschule.de\/index.php?rest_route=\/wp\/v2\/pages\/2254\/revisions"}],"predecessor-version":[{"id":2255,"href":"http:\/\/wilhelm-stedler-grundschule.de\/index.php?rest_route=\/wp\/v2\/pages\/2254\/revisions\/2255"}],"wp:attachment":[{"href":"http:\/\/wilhelm-stedler-grundschule.de\/index.php?rest_route=%2Fwp%2Fv2%2Fmedia&parent=2254"}],"curies":[{"name":"wp","href":"https:\/\/api.w.org\/{rel}","templated":true}]}}

Terminübersicht für unsere Lernanfänger 2025/26

<p><br>Sehr geehrte Eltern und Erziehungsberechtigte,</p>



<p><br>nachfolgend erhalten Sie alle wichtigen Termine bis zur Einschulung Ihres Kindes. Sie erhalten<br>zu jedem Termin eine Information per Post und können sich über unsere Internetseite<br>informieren.<br>Wir freuen uns darauf, Sie und Ihre Kinder kennenzulernen.<br>Mit freundlichen Grüßen<br>gez. K. Flade<br>Schulleitung</p>



<ul>
<li>Informationselternabend<br>Mittwoch, 12.03.2025, 18:00 Uhr, Sporthalle in der Bert-Brecht-Schule, Schulstr. 5<br></li>
</ul>



<ul>
<li>Mit Mirola durch den Zauberwald (Schuleingangsdiagnostik)<br>05.05.2025 bis 16.05.2025, vormittags, Schulstr. 5<br>Der genaue Termin wird mit dem Kindergarten oder mit Ihnen abgesprochen.<br>Jedes Kind erhält eine Einladung per Post bzw. über den Kindergarten.</li>
</ul>



<ul>
<li>Hospitation der Kindergärten<br>26.05.2025 bis 06.06.2025, vormittags, Schulstr. 5<br>Der jeweilige Termin wird mit den Kindergartenleitungen bzw. dem Elternhaus<br>abgesprochen. Sie erhalten eine Information über den Kindergarten bzw. per Post.</li>
</ul>



<ul>
<li>Elternabend vor der Einschulung<br>Donnerstag, 14.08.2025, 19:00 Uhr, Sporthalle in der Bert-Brecht-Schule, Schulstr. 5<br>Die Einladung erhalten Sie mit allen notwendigen Informationen (Einschulungsbrief:<br>Einladung zur Einschulung, Klassenbrief, Bücher- und Materialliste) kurz vor den<br>Sommerferien.</li>
</ul>



<ul>
<li>Einschulung<br>Samstag, 16.08.2025 ab ca. 09:00 Uhr Gottesdienst in der Klosterkirche<br>ab ca. 10:00 Uhr Einschulungsfeier in der Glück-Auf-Halle</li>
</ul>

<p>Sehr geehrte Eltern und Erziehungsberechtigte, nachfolgend erhalten Sie alle wichtigen Termine bis zur Einschulung Ihres Kindes. Sie erhaltenzu jedem Termin eine Information per Post und können sich über unsere Internetseiteinformieren.Wir freuen uns darauf, Sie und Ihre Kinder kennenzulernen.Mit freundlichen Grüßengez. K. FladeSchulleitung</p>
