{"id":2294,"date":"2025-10-06T20:12:41","date_gmt":"2025-10-06T18:12:41","guid":{"rendered":"http:\/\/wilhelm-stedler-grundschule.de\/?page_id=2294"},"modified":"2025-10-06T20:12:41","modified_gmt":"2025-10-06T18:12:41","slug":"2-klassen-feiern-erntedank","status":"publish","type":"page","link":"http:\/\/wilhelm-stedler-grundschule.de\/?page_id=2294","title":{"rendered":"2. Klassen feiern Erntedank"},"content":{"rendered":"\n<p>Am Momtag, den 6.10.2025 feierten die Religionskinder der 2. Klassen gemeinsam eine sch\u00f6ne Erntedankfeier in der Turnhalle. Zu Beginn h\u00f6rten wir die Geschichte von Frederik, der kleinen Maus, die keine K\u00f6rner sammelt, sondern Sonnenstrahlen, Farben und W\u00f6rter f\u00fcr den Winter aufbewahrt. Danach sprachen wir dar\u00fcber, wof\u00fcr wir dankbar sind \u2013 zum Beispiel f\u00fcr unsere Familie, Freunde, die Natur und das leckere Essen. Zum Abschluss sangen wir einige fr\u00f6hliche Lieder, die zur Erntedankzeit passen.<\/p>\n\n\n\n<p>Als besonderes Zeichen des Dankes steht nun im Eingangsbereich an der Schulstra\u00dfe eine Milchkanne. Daran k\u00f6nnen die Kinder eigene Anh\u00e4nger befestigen, auf denen sie aufschreiben oder malen, wof\u00fcr sie dankbar sind.<\/p>\n\n\n\n<p>Es war eine sch\u00f6ne und besinnliche Feier, die uns daran erinnert hat, wie wichtig es ist, Dankbarkeit zu zeigen \u2013 f\u00fcr all die kleinen und gro\u00dfen Dinge im Leben.<\/p>\n\n\n\n<figure class=\"wp-block-gallery has-nested-images columns-default is-cropped wp-block-gallery-1 is-layout-flex\">\n<figure class=\"wp-block-image size-large\"><a href=\"http:\/\/wilhelm-stedler-grundschule.de\/wp-content\/uploads\/2025\/10\/image0.jpeg\"><img decoding=\"async\" loading=\"lazy\" width=\"320\" height=\"240\" data-id=\"2295\"  src=\"http:\/\/wilhelm-stedler-grundschule.de\/wp-content\/uploads\/2025\/10\/image0.jpeg\" alt=\"\" class=\"wp-image-2295\" srcset=\"http:\/\/wilhelm-stedler-grundschule.de\/wp-content\/uploads\/2025\/10\/image0.jpeg 320w, http:\/\/wilhelm-stedler-grundschule.de\/wp-content\/uploads\/2025\/10\/image0-300x225.jpeg 300w, http:\/\/wilhelm-stedler-grundschule.de\/wp-content\/uploads\/2025\/10\/image0-1x1.jpeg 1w\" sizes=\"(max-width: 320px) 100vw, 320px\" \/><\/a><\/figure>\n\n\n\n<figure class=\"wp-block-image size-large\"><a href=\"http:\/\/wilhelm-stedler-grundschule.de\/wp-content\/uploads\/2025\/10\/image2-rotated.jpeg\"><img decoding=\"async\" loading=\"lazy\" width=\"240\" height=\"320\" data-id=\"2297\"  src=\"http:\/\/wilhelm-stedler-grundschule.de\/wp-content\/uploads\/2025\/10\/image2-rotated.jpeg\" alt=\"\" class=\"wp-image-2297\" srcset=\"http:\/\/wilhelm-stedler-grundschule.de\/wp-content\/uploads\/2025\/10\/image2-rotated.jpeg 240w, http:\/\/wilhelm-stedler-grundschule.de\/wp-content\/uploads\/2025\/10\/image2-225x300.jpeg 225w, http:\/\/wilhelm-stedler-grundschule.de\/wp-content\/uploads\/2025\/10\/image2-1x1.jpeg 1w\" sizes=\"(max-width: 240px) 100vw, 240px\" \/><\/a><\/figure>\n\n\n\n<figure class=\"wp-block-image size-large\"><a href=\"http:\/\/wilhelm-stedler-grundschule.de\/wp-content\/uploads\/2025\/10\/image1-rotated.jpeg\"><img decoding=\"async\" loading=\"lazy\" width=\"240\" height=\"320\" data-id=\"2296\"  src=\"http:\/\/wilhelm-stedler-grundschule.de\/wp-content\/uploads\/2025\/10\/image1-rotated.jpeg\" alt=\"\" class=\"wp-image-2296\" srcset=\"http:\/\/wilhelm-stedler-grundschule.de\/wp-content\/uploads\/2025\/10\/image1-rotated.jpeg 240w, http:\/\/wilhelm-stedler-grundschule.de\/wp-content\/uploads\/2025\/10\/image1-225x300.jpeg 225w, http:\/\/wilhelm-stedler-grundschule.de\/wp-content\/uploads\/2025\/10\/image1-1x1.jpeg 1w\" sizes=\"(max-width: 240px) 100vw, 240px\" \/><\/a><\/figure>\n<\/figure>\n","protected":false},"excerpt":{"rendered":"<p>Am Momtag, den 6.10.2025 feierten die Religionskinder der 2. Klassen gemeinsam eine sch\u00f6ne Erntedankfeier in der Turnhalle. Zu Beginn h\u00f6rten wir die Geschichte von Frederik, der kleinen Maus, die keine K\u00f6rner sammelt, sondern Sonnenstrahlen, Farben und W\u00f6rter f\u00fcr den Winter aufbewahrt. Danach sprachen wir dar\u00fcber, wof\u00fcr wir dankbar sind \u2013 zum Beispiel f\u00fcr unsere Familie,&#8230;<\/p>\n","protected":false},"author":1,"featured_media":0,"parent":0,"menu_order":0,"comment_status":"closed","ping_status":"closed","template":"","meta":[],"_links":{"self":[{"href":"http:\/\/wilhelm-stedler-grundschule.de\/index.php?rest_route=\/wp\/v2\/pages\/2294"}],"collection":[{"href":"http:\/\/wilhelm-stedler-grundschule.de\/index.php?rest_route=\/wp\/v2\/pages"}],"about":[{"href":"http:\/\/wilhelm-stedler-grundschule.de\/index.php?rest_route=\/wp\/v2\/types\/page"}],"author":[{"embeddable":true,"href":"http:\/\/wilhelm-stedler-grundschule.de\/index.php?rest_route=\/wp\/v2\/users\/1"}],"replies":[{"embeddable":true,"href":"http:\/\/wilhelm-stedler-grundschule.de\/index.php?rest_route=%2Fwp%2Fv2%2Fcomments&post=2294"}],"version-history":[{"count":1,"href":"http:\/\/wilhelm-stedler-grundschule.de\/index.php?rest_route=\/wp\/v2\/pages\/2294\/revisions"}],"predecessor-version":[{"id":2298,"href":"http:\/\/wilhelm-stedler-grundschule.de\/index.php?rest_route=\/wp\/v2\/pages\/2294\/revisions\/2298"}],"wp:attachment":[{"href":"http:\/\/wilhelm-stedler-grundschule.de\/index.php?rest_route=%2Fwp%2Fv2%2Fmedia&parent=2294"}],"curies":[{"name":"wp","href":"https:\/\/api.w.org\/{rel}","templated":true}]}}

<p>Am Momtag, den 6.10.2025 feierten die Religionskinder der 2. Klassen gemeinsam eine schöne Erntedankfeier in der Turnhalle. Zu Beginn hörten wir die Geschichte von Frederik, der kleinen Maus, die keine Körner sammelt, sondern Sonnenstrahlen, Farben und Wörter für den Winter aufbewahrt. Danach sprachen wir darüber, wofür wir dankbar sind – zum Beispiel für unsere Familie, Freunde, die Natur und das leckere Essen. Zum Abschluss sangen wir einige fröhliche Lieder, die zur Erntedankzeit passen.</p>



<p>Als besonderes Zeichen des Dankes steht nun im Eingangsbereich an der Schulstraße eine Milchkanne. Daran können die Kinder eigene Anhänger befestigen, auf denen sie aufschreiben oder malen, wofür sie dankbar sind.</p>



<p>Es war eine schöne und besinnliche Feier, die uns daran erinnert hat, wie wichtig es ist, Dankbarkeit zu zeigen – für all die kleinen und großen Dinge im Leben.</p>



<figure class="wp-block-gallery has-nested-images columns-default is-cropped wp-block-gallery-1 is-layout-flex">
<figure class="wp-block-image size-large"><a href="http://wilhelm-stedler-grundschule.de/wp-content/uploads/2025/10/image0.jpeg"><img decoding="async" loading="lazy" width="320" height="240" data-id="2295"  src="http://wilhelm-stedler-grundschule.de/wp-content/uploads/2025/10/image0.jpeg" alt="" class="wp-image-2295" srcset="http://wilhelm-stedler-grundschule.de/wp-content/uploads/2025/10/image0.jpeg 320w, http://wilhelm-stedler-grundschule.de/wp-content/uploads/2025/10/image0-300x225.jpeg 300w, http://wilhelm-stedler-grundschule.de/wp-content/uploads/2025/10/image0-1x1.jpeg 1w" sizes="(max-width: 320px) 100vw, 320px" /></a></figure>



<figure class="wp-block-image size-large"><a href="http://wilhelm-stedler-grundschule.de/wp-content/uploads/2025/10/image2-rotated.jpeg"><img decoding="async" loading="lazy" width="240" height="320" data-id="2297"  src="http://wilhelm-stedler-grundschule.de/wp-content/uploads/2025/10/image2-rotated.jpeg" alt="" class="wp-image-2297" srcset="http://wilhelm-stedler-grundschule.de/wp-content/uploads/2025/10/image2-rotated.jpeg 240w, http://wilhelm-stedler-grundschule.de/wp-content/uploads/2025/10/image2-225x300.jpeg 225w, http://wilhelm-stedler-grundschule.de/wp-content/uploads/2025/10/image2-1x1.jpeg 1w" sizes="(max-width: 240px) 100vw, 240px" /></a></figure>



<figure class="wp-block-image size-large"><a href="http://wilhelm-stedler-grundschule.de/wp-content/uploads/2025/10/image1-rotated.jpeg"><img decoding="async" loading="lazy" width="240" height="320" data-id="2296"  src="http://wilhelm-stedler-grundschule.de/wp-content/uploads/2025/10/image1-rotated.jpeg" alt="" class="wp-image-2296" srcset="http://wilhelm-stedler-grundschule.de/wp-content/uploads/2025/10/image1-rotated.jpeg 240w, http://wilhelm-stedler-grundschule.de/wp-content/uploads/2025/10/image1-225x300.jpeg 225w, http://wilhelm-stedler-grundschule.de/wp-content/uploads/2025/10/image1-1x1.jpeg 1w" sizes="(max-width: 240px) 100vw, 240px" /></a></figure>
</figure>

<p>Am Momtag, den 6.10.2025 feierten die Religionskinder der 2. Klassen gemeinsam eine schöne Erntedankfeier in der Turnhalle. Zu Beginn hörten wir die Geschichte von Frederik, der kleinen Maus, die keine Körner sammelt, sondern Sonnenstrahlen, Farben und Wörter für den Winter aufbewahrt. Danach sprachen wir darüber, wofür wir dankbar sind – zum Beispiel für unsere Familie,&#8230;</p>
