{"id":509,"date":"2015-09-23T21:57:10","date_gmt":"2015-09-23T19:57:10","guid":{"rendered":"http:\/\/wilhelm-stedler-grundschule.de\/?page_id=509"},"modified":"2015-10-15T10:43:34","modified_gmt":"2015-10-15T08:43:34","slug":"entschuldigung-fuer-unterrichtsversaeumnis","status":"publish","type":"page","link":"http:\/\/wilhelm-stedler-grundschule.de\/?page_id=509","title":{"rendered":"Entschuldigung f\u00fcr Unterrichtsvers\u00e4umnis"},"content":{"rendered":"<p>Liebe Erziehungsberechtigte,<\/p>\n<p>falls Ihr Kind einmal nicht am Unterricht teilnehmen kann, ist es notwendig, dass Sie dies der Schule mitteilen. Einen Vordruck f\u00fcr diese Entschuldigung finden sie hier:<\/p>\n<p><a href=\"http:\/\/wilhelm-stedler-grundschule.de\/wp-content\/uploads\/2015\/09\/Entschuldigung-Vorlage-1.pdf\">Entschuldigung Vorlage-1<\/a><\/p>\n<p><strong>Fernbleiben vom Unterricht<\/strong><br \/>\n<em>\u00a7 63 NSchG &#8211; \u00a771 NSchG &#8211; \u00a7176 NSchG &#8211;<\/em><br \/>\n<strong>1. Mitteilungspflicht<\/strong><br \/>\n&#8211; Die Erziehungsberechtigten sind verpflichtet, der Schule das Fernbleiben ihres<br \/>\nihres Kindes mitzuteilen.<br \/>\n&#8211; Der Grund des Fernbleibens ist anzugeben.<br \/>\n&#8211; Die Mitteilung kann schriflich, m\u00fcndlich oder telefonisch erfolgen.<br \/>\n<strong>2. Zeitpunkt<\/strong><br \/>\n&#8211; Die Mitteilung (Entschuldigung) muss sp\u00e4testens am 3. Vers\u00e4umnistag vorliegen.<br \/>\n<strong>3. Schriftliche Mitteilung (Entschuldigung) bzw. Attest<\/strong><br \/>\n&#8211; Die Schulleitung kann in jedem Fall eine schriftliche Mitteilung verlangen. *<br \/>\n&#8211; Wenn die Erziehungsberechtigten ihr Kind nicht bis zum 3. Vers\u00e4umnistag entschuldigt<br \/>\nhaben, so kann die Schulleitung (wenn das Kind weiterhin fehlt) ein \u00e4rztliches Attest<br \/>\nverlangen.<br \/>\n&#8211; In besonderen F\u00e4llen kann die Schulleitung auch bei k\u00fcrzerem Fehlen die Vorlage einer<br \/>\n\u00e4rztlichen Bescheinigung verlangen.<br \/>\n<strong>4. Unentschuldigtes Fehlen<\/strong><br \/>\n&#8211; Fehlt ein(e) Sch\u00fcler(in) unentschuldigt, pr\u00fcft die Schulleitung unverz\u00fcglich auf<br \/>\nfahrl\u00e4ssiges oder vors\u00e4tzliches Fehlverhalten der Verantwortlichen.<br \/>\n&#8211; Die Schulleitung pr\u00fcft, ob Ahndung wegen Ordnungswidrigkeit notwendig und geboten ist.<br \/>\n&#8211; Den Verantwortlichen ist Gelegenheit zur Stellungnahme zu geben.<br \/>\n<strong>5. Beurlaubungen<\/strong><br \/>\n&#8211; \u00dcber Beurlaubungen einzelner Stunden oder eines einzelnen Tages entscheidet<br \/>\ndie\/der Klassenlehrer\/in.<br \/>\n&#8211; Beurlaubungen \u00fcber mehrere Tage m\u00fcssen unter Angabe der Gr\u00fcnde schriftlich bei der<br \/>\nSchulleiterin beantragt werden. Beurlaubungen vor und nach den Ferien darf auch die<br \/>\nSchulleiterin nur dann ausnahmsweise aussprechen, wenn die Versagung eine \u201epers\u00f6nliche<br \/>\nH\u00e4rte\u201c bedeuten w\u00fcrde.<br \/>\n&#8211; Ggf. ist ein ausf\u00fchrlich begr\u00fcndeter Antrag fr\u00fchzeitig einzureichen.<br \/>\n&#8211; Eine bereits gebuchte Reise oder nicht n\u00e4her aufgef\u00fchrte \u201epers\u00f6nliche Gr\u00fcnde\u201c k\u00f6nnen<br \/>\nals ausreichende Begr\u00fcndung nicht anerkannt werden.<br \/>\n* An der Wilhelm-Stedler-Schule wird in jedem Fall eine schriftliche Entschuldigung verlangt.<\/p>\n<p>&nbsp;<\/p>\n<p>&nbsp;<\/p>\n<p>&nbsp;<\/p>\n","protected":false},"excerpt":{"rendered":"<p>Liebe Erziehungsberechtigte, falls Ihr Kind einmal nicht am Unterricht teilnehmen kann, ist es notwendig, dass Sie dies der Schule mitteilen. Einen Vordruck f\u00fcr diese Entschuldigung finden sie hier: Entschuldigung Vorlage-1 Fernbleiben vom Unterricht \u00a7 63 NSchG &#8211; \u00a771 NSchG &#8211; \u00a7176 NSchG &#8211; 1. Mitteilungspflicht &#8211; Die Erziehungsberechtigten sind verpflichtet, der Schule das Fernbleiben ihres&#8230;<\/p>\n","protected":false},"author":1,"featured_media":0,"parent":0,"menu_order":0,"comment_status":"closed","ping_status":"closed","template":"","meta":[],"_links":{"self":[{"href":"http:\/\/wilhelm-stedler-grundschule.de\/index.php?rest_route=\/wp\/v2\/pages\/509"}],"collection":[{"href":"http:\/\/wilhelm-stedler-grundschule.de\/index.php?rest_route=\/wp\/v2\/pages"}],"about":[{"href":"http:\/\/wilhelm-stedler-grundschule.de\/index.php?rest_route=\/wp\/v2\/types\/page"}],"author":[{"embeddable":true,"href":"http:\/\/wilhelm-stedler-grundschule.de\/index.php?rest_route=\/wp\/v2\/users\/1"}],"replies":[{"embeddable":true,"href":"http:\/\/wilhelm-stedler-grundschule.de\/index.php?rest_route=%2Fwp%2Fv2%2Fcomments&post=509"}],"version-history":[{"count":8,"href":"http:\/\/wilhelm-stedler-grundschule.de\/index.php?rest_route=\/wp\/v2\/pages\/509\/revisions"}],"predecessor-version":[{"id":574,"href":"http:\/\/wilhelm-stedler-grundschule.de\/index.php?rest_route=\/wp\/v2\/pages\/509\/revisions\/574"}],"wp:attachment":[{"href":"http:\/\/wilhelm-stedler-grundschule.de\/index.php?rest_route=%2Fwp%2Fv2%2Fmedia&parent=509"}],"curies":[{"name":"wp","href":"https:\/\/api.w.org\/{rel}","templated":true}]}}

Entschuldigung für Unterrichtsversäumnis

<p>Liebe Erziehungsberechtigte,</p>
<p>falls Ihr Kind einmal nicht am Unterricht teilnehmen kann, ist es notwendig, dass Sie dies der Schule mitteilen. Einen Vordruck für diese Entschuldigung finden sie hier:</p>
<p><a href="http://wilhelm-stedler-grundschule.de/wp-content/uploads/2015/09/Entschuldigung-Vorlage-1.pdf">Entschuldigung Vorlage-1</a></p>
<p><strong>Fernbleiben vom Unterricht</strong><br />
<em>§ 63 NSchG &#8211; §71 NSchG &#8211; §176 NSchG &#8211;</em><br />
<strong>1. Mitteilungspflicht</strong><br />
&#8211; Die Erziehungsberechtigten sind verpflichtet, der Schule das Fernbleiben ihres<br />
ihres Kindes mitzuteilen.<br />
&#8211; Der Grund des Fernbleibens ist anzugeben.<br />
&#8211; Die Mitteilung kann schriflich, mündlich oder telefonisch erfolgen.<br />
<strong>2. Zeitpunkt</strong><br />
&#8211; Die Mitteilung (Entschuldigung) muss spätestens am 3. Versäumnistag vorliegen.<br />
<strong>3. Schriftliche Mitteilung (Entschuldigung) bzw. Attest</strong><br />
&#8211; Die Schulleitung kann in jedem Fall eine schriftliche Mitteilung verlangen. *<br />
&#8211; Wenn die Erziehungsberechtigten ihr Kind nicht bis zum 3. Versäumnistag entschuldigt<br />
haben, so kann die Schulleitung (wenn das Kind weiterhin fehlt) ein ärztliches Attest<br />
verlangen.<br />
&#8211; In besonderen Fällen kann die Schulleitung auch bei kürzerem Fehlen die Vorlage einer<br />
ärztlichen Bescheinigung verlangen.<br />
<strong>4. Unentschuldigtes Fehlen</strong><br />
&#8211; Fehlt ein(e) Schüler(in) unentschuldigt, prüft die Schulleitung unverzüglich auf<br />
fahrlässiges oder vorsätzliches Fehlverhalten der Verantwortlichen.<br />
&#8211; Die Schulleitung prüft, ob Ahndung wegen Ordnungswidrigkeit notwendig und geboten ist.<br />
&#8211; Den Verantwortlichen ist Gelegenheit zur Stellungnahme zu geben.<br />
<strong>5. Beurlaubungen</strong><br />
&#8211; Über Beurlaubungen einzelner Stunden oder eines einzelnen Tages entscheidet<br />
die/der Klassenlehrer/in.<br />
&#8211; Beurlaubungen über mehrere Tage müssen unter Angabe der Gründe schriftlich bei der<br />
Schulleiterin beantragt werden. Beurlaubungen vor und nach den Ferien darf auch die<br />
Schulleiterin nur dann ausnahmsweise aussprechen, wenn die Versagung eine „persönliche<br />
Härte“ bedeuten würde.<br />
&#8211; Ggf. ist ein ausführlich begründeter Antrag frühzeitig einzureichen.<br />
&#8211; Eine bereits gebuchte Reise oder nicht näher aufgeführte „persönliche Gründe“ können<br />
als ausreichende Begründung nicht anerkannt werden.<br />
* An der Wilhelm-Stedler-Schule wird in jedem Fall eine schriftliche Entschuldigung verlangt.</p>
<p>&nbsp;</p>
<p>&nbsp;</p>
<p>&nbsp;</p>

<p>Liebe Erziehungsberechtigte, falls Ihr Kind einmal nicht am Unterricht teilnehmen kann, ist es notwendig, dass Sie dies der Schule mitteilen. Einen Vordruck für diese Entschuldigung finden sie hier: Entschuldigung Vorlage-1 Fernbleiben vom Unterricht § 63 NSchG &#8211; §71 NSchG &#8211; §176 NSchG &#8211; 1. Mitteilungspflicht &#8211; Die Erziehungsberechtigten sind verpflichtet, der Schule das Fernbleiben ihres&#8230;</p>
