{"id":564,"date":"2015-10-15T10:36:55","date_gmt":"2015-10-15T08:36:55","guid":{"rendered":"http:\/\/wilhelm-stedler-grundschule.de\/?page_id=564"},"modified":"2015-10-15T10:38:25","modified_gmt":"2015-10-15T08:38:25","slug":"notfalladressen","status":"publish","type":"page","link":"http:\/\/wilhelm-stedler-grundschule.de\/?page_id=564","title":{"rendered":"Notfalladressen"},"content":{"rendered":"<p>Sehr geehrte Eltern und Erziehungsberechtigte,<\/p>\n<p>zu Beginn eines jeden Schuljahres werden Sie auf dem Elternabend gebeten, die uns vorliegenden <strong>Notfalladressen und -telefonnummern<\/strong> zu \u00fcberpr\u00fcfen und gegebenenfalls zu aktualisieren.<\/p>\n<p>Einmal im Jahr ist aber oft zu wenig, da sich insbesondere die Telefonnummern h\u00e4ufiger ver\u00e4ndern.<\/p>\n<p><strong>Um unsere Notfalllisten auf dem neuesten Stand zu halten, bitten wie Sie die \u00c4nderungen sofort mitzuteilen.<\/strong><\/p>\n<p>Hierzu k\u00f6nnen Sie die angeh\u00e4ngte Datei nutzen:<\/p>\n<p><a href=\"http:\/\/wilhelm-stedler-grundschule.de\/wp-content\/uploads\/2015\/10\/Notfalladressen.pdf\">Notfalladressen<\/a><\/p>\n<p><strong> Einfach ausdrucken, ausf\u00fcllen und Ihrem Kind mit zur Schule geben.<\/strong><\/p>\n<p>So k\u00f6nnen auch Sie sicher sein, dass wir Sie im Notfall erreichen.<\/p>\n<p>&nbsp;<\/p>\n","protected":false},"excerpt":{"rendered":"<p>Sehr geehrte Eltern und Erziehungsberechtigte, zu Beginn eines jeden Schuljahres werden Sie auf dem Elternabend gebeten, die uns vorliegenden Notfalladressen und -telefonnummern zu \u00fcberpr\u00fcfen und gegebenenfalls zu aktualisieren. Einmal im Jahr ist aber oft zu wenig, da sich insbesondere die Telefonnummern h\u00e4ufiger ver\u00e4ndern. Um unsere Notfalllisten auf dem neuesten Stand zu halten, bitten wie Sie&#8230;<\/p>\n","protected":false},"author":1,"featured_media":0,"parent":0,"menu_order":0,"comment_status":"closed","ping_status":"closed","template":"","meta":[],"_links":{"self":[{"href":"http:\/\/wilhelm-stedler-grundschule.de\/index.php?rest_route=\/wp\/v2\/pages\/564"}],"collection":[{"href":"http:\/\/wilhelm-stedler-grundschule.de\/index.php?rest_route=\/wp\/v2\/pages"}],"about":[{"href":"http:\/\/wilhelm-stedler-grundschule.de\/index.php?rest_route=\/wp\/v2\/types\/page"}],"author":[{"embeddable":true,"href":"http:\/\/wilhelm-stedler-grundschule.de\/index.php?rest_route=\/wp\/v2\/users\/1"}],"replies":[{"embeddable":true,"href":"http:\/\/wilhelm-stedler-grundschule.de\/index.php?rest_route=%2Fwp%2Fv2%2Fcomments&post=564"}],"version-history":[{"count":7,"href":"http:\/\/wilhelm-stedler-grundschule.de\/index.php?rest_route=\/wp\/v2\/pages\/564\/revisions"}],"predecessor-version":[{"id":572,"href":"http:\/\/wilhelm-stedler-grundschule.de\/index.php?rest_route=\/wp\/v2\/pages\/564\/revisions\/572"}],"wp:attachment":[{"href":"http:\/\/wilhelm-stedler-grundschule.de\/index.php?rest_route=%2Fwp%2Fv2%2Fmedia&parent=564"}],"curies":[{"name":"wp","href":"https:\/\/api.w.org\/{rel}","templated":true}]}}

<p>Sehr geehrte Eltern und Erziehungsberechtigte,</p>
<p>zu Beginn eines jeden Schuljahres werden Sie auf dem Elternabend gebeten, die uns vorliegenden <strong>Notfalladressen und -telefonnummern</strong> zu überprüfen und gegebenenfalls zu aktualisieren.</p>
<p>Einmal im Jahr ist aber oft zu wenig, da sich insbesondere die Telefonnummern häufiger verändern.</p>
<p><strong>Um unsere Notfalllisten auf dem neuesten Stand zu halten, bitten wie Sie die Änderungen sofort mitzuteilen.</strong></p>
<p>Hierzu können Sie die angehängte Datei nutzen:</p>
<p><a href="http://wilhelm-stedler-grundschule.de/wp-content/uploads/2015/10/Notfalladressen.pdf">Notfalladressen</a></p>
<p><strong> Einfach ausdrucken, ausfüllen und Ihrem Kind mit zur Schule geben.</strong></p>
<p>So können auch Sie sicher sein, dass wir Sie im Notfall erreichen.</p>
<p>&nbsp;</p>

<p>Sehr geehrte Eltern und Erziehungsberechtigte, zu Beginn eines jeden Schuljahres werden Sie auf dem Elternabend gebeten, die uns vorliegenden Notfalladressen und -telefonnummern zu überprüfen und gegebenenfalls zu aktualisieren. Einmal im Jahr ist aber oft zu wenig, da sich insbesondere die Telefonnummern häufiger verändern. Um unsere Notfalllisten auf dem neuesten Stand zu halten, bitten wie Sie&#8230;</p>
