{"id":681,"date":"2016-05-01T16:37:08","date_gmt":"2016-05-01T14:37:08","guid":{"rendered":"http:\/\/wilhelm-stedler-grundschule.de\/?page_id=681"},"modified":"2025-05-28T14:35:32","modified_gmt":"2025-05-28T12:35:32","slug":"buecherlisten-schuljahr-201617","status":"publish","type":"page","link":"http:\/\/wilhelm-stedler-grundschule.de\/?page_id=681","title":{"rendered":"B\u00fccherlisten und Ausleihe Schuljahr 2025\/2026"},"content":{"rendered":"\n<p>Liebe Eltern,<\/p>\n\n\n\n<p>Falls diese wichtige \u00dcbersicht einmal verloren gehen sollte, gibt es hier die M\u00f6glichkeit das Dokument herunterzuladen und nocheinmal auszudrucken.<\/p>\n\n\n\n<p><strong>Bitte beachten Sie, dass hier nur die allgemeinen Listen hochgeladen sind. Sollte ihr Kind F\u00f6rderhefte ben\u00f6tigen, wenden Sie sich bitte an die jeweilige Lehrkraft!<\/strong><\/p>\n\n\n\n<p><\/p>\n\n\n\n<p><mark style=\"background-color:rgba(0, 0, 0, 0)\" class=\"has-inline-color has-vivid-red-color\"><strong>B\u00fccherlisten f\u00fcr das Schuljahr 2025\/2026<\/strong><\/mark><\/p>\n\n\n\n<div class=\"wp-block-file\"><object class=\"wp-block-file__embed\" data=\"http:\/\/wilhelm-stedler-grundschule.de\/wp-content\/uploads\/2025\/05\/Buecherliste-Klasse-1-2025-26-1.pdf\" type=\"application\/pdf\" style=\"width:100%;height:270px\" aria-label=\"Einbettung von Buecherliste-Klasse-1-2025-26-1.\"><\/object><a id=\"wp-block-file--media-d3cab732-0b02-4dc0-a9c5-ca55a52339cf\" href=\"http:\/\/wilhelm-stedler-grundschule.de\/wp-content\/uploads\/2025\/05\/Buecherliste-Klasse-1-2025-26-1.pdf\">Buecherliste-Klasse-1-2025-26-1<\/a><a href=\"http:\/\/wilhelm-stedler-grundschule.de\/wp-content\/uploads\/2025\/05\/Buecherliste-Klasse-1-2025-26-1.pdf\" class=\"wp-block-file__button wp-element-button\" download aria-describedby=\"wp-block-file--media-d3cab732-0b02-4dc0-a9c5-ca55a52339cf\">Herunterladen<\/a><\/div>\n\n\n\n<div class=\"wp-block-file\"><object class=\"wp-block-file__embed\" data=\"http:\/\/wilhelm-stedler-grundschule.de\/wp-content\/uploads\/2025\/05\/Buecherliste-Klasse-2-2025-26-1.pdf\" type=\"application\/pdf\" style=\"width:100%;height:200px\" aria-label=\"Einbettung von Buecherliste-Klasse-2-2025-26-1.\"><\/object><a id=\"wp-block-file--media-2698182b-8615-4caa-b1fc-6a627e448940\" href=\"http:\/\/wilhelm-stedler-grundschule.de\/wp-content\/uploads\/2025\/05\/Buecherliste-Klasse-2-2025-26-1.pdf\">Buecherliste-Klasse-2-2025-26-1<\/a><a href=\"http:\/\/wilhelm-stedler-grundschule.de\/wp-content\/uploads\/2025\/05\/Buecherliste-Klasse-2-2025-26-1.pdf\" class=\"wp-block-file__button wp-element-button\" download aria-describedby=\"wp-block-file--media-2698182b-8615-4caa-b1fc-6a627e448940\">Herunterladen<\/a><\/div>\n\n\n\n<div class=\"wp-block-file\"><object class=\"wp-block-file__embed\" data=\"http:\/\/wilhelm-stedler-grundschule.de\/wp-content\/uploads\/2025\/05\/Buecherliste-Klasse-3-2025-26-1.pdf\" type=\"application\/pdf\" style=\"width:100%;height:230px\" aria-label=\"Einbettung von Buecherliste-Klasse-3-2025-26-1.\"><\/object><a id=\"wp-block-file--media-3f2988d6-a58b-43f8-8068-18667cf248ca\" href=\"http:\/\/wilhelm-stedler-grundschule.de\/wp-content\/uploads\/2025\/05\/Buecherliste-Klasse-3-2025-26-1.pdf\">Buecherliste-Klasse-3-2025-26-1<\/a><a href=\"http:\/\/wilhelm-stedler-grundschule.de\/wp-content\/uploads\/2025\/05\/Buecherliste-Klasse-3-2025-26-1.pdf\" class=\"wp-block-file__button wp-element-button\" download aria-describedby=\"wp-block-file--media-3f2988d6-a58b-43f8-8068-18667cf248ca\">Herunterladen<\/a><\/div>\n\n\n\n<div class=\"wp-block-file\"><object class=\"wp-block-file__embed\" data=\"http:\/\/wilhelm-stedler-grundschule.de\/wp-content\/uploads\/2025\/05\/Buecherliste-Klasse-4-2025-261-1.pdf\" type=\"application\/pdf\" style=\"width:100%;height:320px\" aria-label=\"Einbettung von Buecherliste-Klasse-4-2025-261-1.\"><\/object><a id=\"wp-block-file--media-0cefe341-bb39-4857-a908-2bc135fb0d82\" href=\"http:\/\/wilhelm-stedler-grundschule.de\/wp-content\/uploads\/2025\/05\/Buecherliste-Klasse-4-2025-261-1.pdf\">Buecherliste-Klasse-4-2025-261-1<\/a><a href=\"http:\/\/wilhelm-stedler-grundschule.de\/wp-content\/uploads\/2025\/05\/Buecherliste-Klasse-4-2025-261-1.pdf\" class=\"wp-block-file__button wp-element-button\" download aria-describedby=\"wp-block-file--media-0cefe341-bb39-4857-a908-2bc135fb0d82\">Herunterladen<\/a><\/div>\n\n\n\n<p>In Jahrgang 3 haben Sie die M\u00f6glichkeit sich f\u00fcr die Schulbuchausleihe anzumelden. Daf\u00fcr nutzen Sie bitte folgendes Formular:<\/p>\n\n\n\n<div class=\"wp-block-file\"><object class=\"wp-block-file__embed\" data=\"http:\/\/wilhelm-stedler-grundschule.de\/wp-content\/uploads\/2025\/05\/Anmeldung-Ausleihe-2025-26-3.-JG.pdf\" type=\"application\/pdf\" style=\"width:100%;height:600px\" aria-label=\"Einbettung von Anmeldung-Ausleihe-2025-26-3.-JG.\"><\/object><a id=\"wp-block-file--media-df9656f2-fef3-4b09-9e1b-17738546d613\" href=\"http:\/\/wilhelm-stedler-grundschule.de\/wp-content\/uploads\/2025\/05\/Anmeldung-Ausleihe-2025-26-3.-JG.pdf\">Anmeldung-Ausleihe-2025-26-3.-JG<\/a><a href=\"http:\/\/wilhelm-stedler-grundschule.de\/wp-content\/uploads\/2025\/05\/Anmeldung-Ausleihe-2025-26-3.-JG.pdf\" class=\"wp-block-file__button wp-element-button\" download aria-describedby=\"wp-block-file--media-df9656f2-fef3-4b09-9e1b-17738546d613\">Herunterladen<\/a><\/div>\n","protected":false},"excerpt":{"rendered":"<p>Liebe Eltern, Falls diese wichtige \u00dcbersicht einmal verloren gehen sollte, gibt es hier die M\u00f6glichkeit das Dokument herunterzuladen und nocheinmal auszudrucken. Bitte beachten Sie, dass hier nur die allgemeinen Listen hochgeladen sind. Sollte ihr Kind F\u00f6rderhefte ben\u00f6tigen, wenden Sie sich bitte an die jeweilige Lehrkraft! B\u00fccherlisten f\u00fcr das Schuljahr 2025\/2026 In Jahrgang 3 haben Sie&#8230;<\/p>\n","protected":false},"author":1,"featured_media":0,"parent":0,"menu_order":0,"comment_status":"closed","ping_status":"closed","template":"","meta":[],"_links":{"self":[{"href":"http:\/\/wilhelm-stedler-grundschule.de\/index.php?rest_route=\/wp\/v2\/pages\/681"}],"collection":[{"href":"http:\/\/wilhelm-stedler-grundschule.de\/index.php?rest_route=\/wp\/v2\/pages"}],"about":[{"href":"http:\/\/wilhelm-stedler-grundschule.de\/index.php?rest_route=\/wp\/v2\/types\/page"}],"author":[{"embeddable":true,"href":"http:\/\/wilhelm-stedler-grundschule.de\/index.php?rest_route=\/wp\/v2\/users\/1"}],"replies":[{"embeddable":true,"href":"http:\/\/wilhelm-stedler-grundschule.de\/index.php?rest_route=%2Fwp%2Fv2%2Fcomments&post=681"}],"version-history":[{"count":29,"href":"http:\/\/wilhelm-stedler-grundschule.de\/index.php?rest_route=\/wp\/v2\/pages\/681\/revisions"}],"predecessor-version":[{"id":2281,"href":"http:\/\/wilhelm-stedler-grundschule.de\/index.php?rest_route=\/wp\/v2\/pages\/681\/revisions\/2281"}],"wp:attachment":[{"href":"http:\/\/wilhelm-stedler-grundschule.de\/index.php?rest_route=%2Fwp%2Fv2%2Fmedia&parent=681"}],"curies":[{"name":"wp","href":"https:\/\/api.w.org\/{rel}","templated":true}]}}

Bücherlisten und Ausleihe Schuljahr 2025/2026

<p>Liebe Eltern,</p>



<p>Falls diese wichtige Übersicht einmal verloren gehen sollte, gibt es hier die Möglichkeit das Dokument herunterzuladen und nocheinmal auszudrucken.</p>



<p><strong>Bitte beachten Sie, dass hier nur die allgemeinen Listen hochgeladen sind. Sollte ihr Kind Förderhefte benötigen, wenden Sie sich bitte an die jeweilige Lehrkraft!</strong></p>



<p></p>



<p><mark style="background-color:rgba(0, 0, 0, 0)" class="has-inline-color has-vivid-red-color"><strong>Bücherlisten für das Schuljahr 2025/2026</strong></mark></p>



<div class="wp-block-file"><object class="wp-block-file__embed" data="http://wilhelm-stedler-grundschule.de/wp-content/uploads/2025/05/Buecherliste-Klasse-1-2025-26-1.pdf" type="application/pdf" style="width:100%;height:270px" aria-label="Einbettung von Buecherliste-Klasse-1-2025-26-1."></object><a id="wp-block-file--media-d3cab732-0b02-4dc0-a9c5-ca55a52339cf" href="http://wilhelm-stedler-grundschule.de/wp-content/uploads/2025/05/Buecherliste-Klasse-1-2025-26-1.pdf">Buecherliste-Klasse-1-2025-26-1</a><a href="http://wilhelm-stedler-grundschule.de/wp-content/uploads/2025/05/Buecherliste-Klasse-1-2025-26-1.pdf" class="wp-block-file__button wp-element-button" download aria-describedby="wp-block-file--media-d3cab732-0b02-4dc0-a9c5-ca55a52339cf">Herunterladen</a></div>



<div class="wp-block-file"><object class="wp-block-file__embed" data="http://wilhelm-stedler-grundschule.de/wp-content/uploads/2025/05/Buecherliste-Klasse-2-2025-26-1.pdf" type="application/pdf" style="width:100%;height:200px" aria-label="Einbettung von Buecherliste-Klasse-2-2025-26-1."></object><a id="wp-block-file--media-2698182b-8615-4caa-b1fc-6a627e448940" href="http://wilhelm-stedler-grundschule.de/wp-content/uploads/2025/05/Buecherliste-Klasse-2-2025-26-1.pdf">Buecherliste-Klasse-2-2025-26-1</a><a href="http://wilhelm-stedler-grundschule.de/wp-content/uploads/2025/05/Buecherliste-Klasse-2-2025-26-1.pdf" class="wp-block-file__button wp-element-button" download aria-describedby="wp-block-file--media-2698182b-8615-4caa-b1fc-6a627e448940">Herunterladen</a></div>



<div class="wp-block-file"><object class="wp-block-file__embed" data="http://wilhelm-stedler-grundschule.de/wp-content/uploads/2025/05/Buecherliste-Klasse-3-2025-26-1.pdf" type="application/pdf" style="width:100%;height:230px" aria-label="Einbettung von Buecherliste-Klasse-3-2025-26-1."></object><a id="wp-block-file--media-3f2988d6-a58b-43f8-8068-18667cf248ca" href="http://wilhelm-stedler-grundschule.de/wp-content/uploads/2025/05/Buecherliste-Klasse-3-2025-26-1.pdf">Buecherliste-Klasse-3-2025-26-1</a><a href="http://wilhelm-stedler-grundschule.de/wp-content/uploads/2025/05/Buecherliste-Klasse-3-2025-26-1.pdf" class="wp-block-file__button wp-element-button" download aria-describedby="wp-block-file--media-3f2988d6-a58b-43f8-8068-18667cf248ca">Herunterladen</a></div>



<div class="wp-block-file"><object class="wp-block-file__embed" data="http://wilhelm-stedler-grundschule.de/wp-content/uploads/2025/05/Buecherliste-Klasse-4-2025-261-1.pdf" type="application/pdf" style="width:100%;height:320px" aria-label="Einbettung von Buecherliste-Klasse-4-2025-261-1."></object><a id="wp-block-file--media-0cefe341-bb39-4857-a908-2bc135fb0d82" href="http://wilhelm-stedler-grundschule.de/wp-content/uploads/2025/05/Buecherliste-Klasse-4-2025-261-1.pdf">Buecherliste-Klasse-4-2025-261-1</a><a href="http://wilhelm-stedler-grundschule.de/wp-content/uploads/2025/05/Buecherliste-Klasse-4-2025-261-1.pdf" class="wp-block-file__button wp-element-button" download aria-describedby="wp-block-file--media-0cefe341-bb39-4857-a908-2bc135fb0d82">Herunterladen</a></div>



<p>In Jahrgang 3 haben Sie die Möglichkeit sich für die Schulbuchausleihe anzumelden. Dafür nutzen Sie bitte folgendes Formular:</p>



<div class="wp-block-file"><object class="wp-block-file__embed" data="http://wilhelm-stedler-grundschule.de/wp-content/uploads/2025/05/Anmeldung-Ausleihe-2025-26-3.-JG.pdf" type="application/pdf" style="width:100%;height:600px" aria-label="Einbettung von Anmeldung-Ausleihe-2025-26-3.-JG."></object><a id="wp-block-file--media-df9656f2-fef3-4b09-9e1b-17738546d613" href="http://wilhelm-stedler-grundschule.de/wp-content/uploads/2025/05/Anmeldung-Ausleihe-2025-26-3.-JG.pdf">Anmeldung-Ausleihe-2025-26-3.-JG</a><a href="http://wilhelm-stedler-grundschule.de/wp-content/uploads/2025/05/Anmeldung-Ausleihe-2025-26-3.-JG.pdf" class="wp-block-file__button wp-element-button" download aria-describedby="wp-block-file--media-df9656f2-fef3-4b09-9e1b-17738546d613">Herunterladen</a></div>

<p>Liebe Eltern, Falls diese wichtige Übersicht einmal verloren gehen sollte, gibt es hier die Möglichkeit das Dokument herunterzuladen und nocheinmal auszudrucken. Bitte beachten Sie, dass hier nur die allgemeinen Listen hochgeladen sind. Sollte ihr Kind Förderhefte benötigen, wenden Sie sich bitte an die jeweilige Lehrkraft! Bücherlisten für das Schuljahr 2025/2026 In Jahrgang 3 haben Sie&#8230;</p>
