{"id":836,"date":"2017-03-22T18:11:50","date_gmt":"2017-03-22T16:11:50","guid":{"rendered":"http:\/\/wilhelm-stedler-grundschule.de\/?page_id=836"},"modified":"2025-02-10T19:06:40","modified_gmt":"2025-02-10T17:06:40","slug":"jahrespraktikum-an-der-wilhelm-stedler-schule","status":"publish","type":"page","link":"http:\/\/wilhelm-stedler-grundschule.de\/?page_id=836","title":{"rendered":"Praktikum an der Wilhelm-Stedler-Schule"},"content":{"rendered":"<p>Die Wilhelm-Stedler-Schule bietet Ihnen die M\u00f6glichkeit, hier Ihr Praktikum zu absolvieren.<br \/>Das Angebot richtet sich an Sch\u00fcler\/innen allgemeinbildender oder berufsbildender Schulen oder Studenten, die das Praktikum f\u00fcr Ihre Ausbildung ben\u00f6tigen.<\/p>\n<p>Sollten Sie noch nicht in einer Ausbildung sein oder noch keinen Studienplatz haben, dann k\u00f6nnen Sie auch gerne ein unendgeldliches Ehrenamt bei uns absolvieren.<\/p>\n<p>Wenn Sie an einer vielseitigen T\u00e4tigkeit mit Kindern im Grundschulalter Interesse haben, senden Sie bitte Ihre Bewerbungsunterlagen mit Lebenslauf und Anschreiben an <u>sekretariat@wss-iserv.de<\/u><\/p>\n\n\n<p><\/p>\n","protected":false},"excerpt":{"rendered":"<p>Die Wilhelm-Stedler-Schule bietet Ihnen die M\u00f6glichkeit, hier Ihr Praktikum zu absolvieren.Das Angebot richtet sich an Sch\u00fcler\/innen allgemeinbildender oder berufsbildender Schulen oder Studenten, die das Praktikum f\u00fcr Ihre Ausbildung ben\u00f6tigen. Sollten Sie noch nicht in einer Ausbildung sein oder noch keinen Studienplatz haben, dann k\u00f6nnen Sie auch gerne ein unendgeldliches Ehrenamt bei uns absolvieren. Wenn Sie&#8230;<\/p>\n","protected":false},"author":1,"featured_media":0,"parent":0,"menu_order":0,"comment_status":"closed","ping_status":"closed","template":"","meta":[],"_links":{"self":[{"href":"http:\/\/wilhelm-stedler-grundschule.de\/index.php?rest_route=\/wp\/v2\/pages\/836"}],"collection":[{"href":"http:\/\/wilhelm-stedler-grundschule.de\/index.php?rest_route=\/wp\/v2\/pages"}],"about":[{"href":"http:\/\/wilhelm-stedler-grundschule.de\/index.php?rest_route=\/wp\/v2\/types\/page"}],"author":[{"embeddable":true,"href":"http:\/\/wilhelm-stedler-grundschule.de\/index.php?rest_route=\/wp\/v2\/users\/1"}],"replies":[{"embeddable":true,"href":"http:\/\/wilhelm-stedler-grundschule.de\/index.php?rest_route=%2Fwp%2Fv2%2Fcomments&post=836"}],"version-history":[{"count":13,"href":"http:\/\/wilhelm-stedler-grundschule.de\/index.php?rest_route=\/wp\/v2\/pages\/836\/revisions"}],"predecessor-version":[{"id":2250,"href":"http:\/\/wilhelm-stedler-grundschule.de\/index.php?rest_route=\/wp\/v2\/pages\/836\/revisions\/2250"}],"wp:attachment":[{"href":"http:\/\/wilhelm-stedler-grundschule.de\/index.php?rest_route=%2Fwp%2Fv2%2Fmedia&parent=836"}],"curies":[{"name":"wp","href":"https:\/\/api.w.org\/{rel}","templated":true}]}}

<p>Die Wilhelm-Stedler-Schule bietet Ihnen die Möglichkeit, hier Ihr Praktikum zu absolvieren.<br />Das Angebot richtet sich an Schüler/innen allgemeinbildender oder berufsbildender Schulen oder Studenten, die das Praktikum für Ihre Ausbildung benötigen.</p>
<p>Sollten Sie noch nicht in einer Ausbildung sein oder noch keinen Studienplatz haben, dann können Sie auch gerne ein unendgeldliches Ehrenamt bei uns absolvieren.</p>
<p>Wenn Sie an einer vielseitigen Tätigkeit mit Kindern im Grundschulalter Interesse haben, senden Sie bitte Ihre Bewerbungsunterlagen mit Lebenslauf und Anschreiben an <u>sekretariat@wss-iserv.de</u></p>


<p></p>

<p>Die Wilhelm-Stedler-Schule bietet Ihnen die Möglichkeit, hier Ihr Praktikum zu absolvieren.Das Angebot richtet sich an Schüler/innen allgemeinbildender oder berufsbildender Schulen oder Studenten, die das Praktikum für Ihre Ausbildung benötigen. Sollten Sie noch nicht in einer Ausbildung sein oder noch keinen Studienplatz haben, dann können Sie auch gerne ein unendgeldliches Ehrenamt bei uns absolvieren. Wenn Sie&#8230;</p>
